{"id":784,"date":"2021-07-02T17:05:40","date_gmt":"2021-07-02T17:05:40","guid":{"rendered":"https:\/\/aion-project.org\/blog\/?page_id=784"},"modified":"2021-10-16T12:57:27","modified_gmt":"2021-10-16T12:57:27","slug":"cultures-alternatives-et-imaginaire-sociaux","status":"publish","type":"page","link":"https:\/\/aion-project.org\/blog\/?page_id=784","title":{"rendered":"Cultures alternatives et imaginaire sociaux (CAIS)"},"content":{"rendered":"<p style=\"text-align: justify;\"><span style=\"font-size: 18pt; font-family: book antiqua, palatino, serif;\">Le projet CA-IS est financ\u00e9 par la r\u00e9gion Bourgogne-Franche-Comt\u00e9 (2021-2024). Son objectif est de comprendre, d\u00e9finir et mettre en lumi\u00e8re les cultures dites \u00ab alternatives \u00bb, qu\u2019elles soient sportives ou musicales, selon un angle comparatif. Il s&rsquo;agit ainsi de proposer une lecture de ces cultures alternatives \u00e0 un triple niveau : local (r\u00e9gional en Bourgogne-Franche-Comt\u00e9), national et international.<\/span><\/p>\n<p style=\"text-align: justify;\"><span style=\"font-size: 18pt; font-family: book antiqua, palatino, serif;\">Cette recherche est \u00e9galement mise en \u0153uvre gr\u00e2ce au contrat doctoral CRETE (Culture r\u00e9gionale et territoire d&rsquo;expression) portant sur la culture punk en Bourgogne-Franche-Comt\u00e9, \u00e9galement financ\u00e9 par la r\u00e9gion.<\/span><\/p>\n<p style=\"text-align: justify;\">Au son de No Future et de God save the Queen, la culture alternative du mouvement punk prend ses racines en Angleterre, en 1976. Arriv\u00e9 en France sous l\u2019angle du \u00ab rock alternatif \u00bb au d\u00e9but des ann\u00e9es 1980, le punk sur le continent conna\u00eet ses propres sp\u00e9cificit\u00e9s et est emmen\u00e9 par des groupes comme B\u00e9rurier Noir, Ludwig von 88 ou encore Parabellum. Il est notamment caract\u00e9ris\u00e9 par un chant en fran\u00e7ais et une forte revendication politique. Loin d\u2019\u00eatre mort (Punk is not dead), cette contre-culture est aujourd\u2019hui toujours vivace sur le territoire national. Un projet de recherche national (ANR PIND \u2013 Une histoire de la sc\u00e8ne punk en France, 1976-2016) prend pour objet, de fa\u00e7on innovante, cette culture punk, analys\u00e9e d\u2019un point de vue socio-historique. Cependant, \u00e0 l\u2019heure actuelle, aucune \u00e9tude d\u2019envergure ne s\u2019int\u00e9resse \u00e0 la culture punk en Bourgogne-Franche-Comt\u00e9. Ce travail de doctorat s\u2019inscrit dans la continuit\u00e9 des travaux men\u00e9s pr\u00e9c\u00e9demment mais en mettant l\u2019accent sur la sp\u00e9cificit\u00e9 du punk sur le territoire r\u00e9gional, aussi bien en milieu rural que dans l\u2019espace urbain. Si la Bourgogne-Franche-Comt\u00e9 est moins r\u00e9put\u00e9e que d\u2019autres r\u00e9gions (notamment la Normandie ou la Bretagne) pour avoir \u00e9t\u00e9 le berceau de nombreux groupes ou initiatives punk, il n&rsquo;en reste pas moins qu\u2019une effervescence de la sc\u00e8ne alternative s&rsquo;y laisse deviner et que ce territoire comprend un riche patrimoine musical en lien avec la culture punk.<\/p>\n<p>&nbsp;<\/p>\n<p><img decoding=\"async\" class=\"detail__media__img-highres js-detail-img js-detail-img-high\" src=\"https:\/\/external-content.duckduckgo.com\/iu\/?u=https%3A%2F%2Fwww.francebleu.fr%2Fs3%2Fcruiser-production%2F2016%2F11%2Fd9fc8b6b-6925-4849-88cf-8c3cd2d56936%2F870x489_logo_bfc.jpg&amp;f=1&amp;nofb=1\" alt=\"Le nouveau logo de la r\u00e9gion Bourgogne-Franche-Comt\u00e9, \u00e0 ...\" \/><\/p>\n","protected":false},"excerpt":{"rendered":"<p>Le projet CA-IS est financ\u00e9 par la r\u00e9gion Bourgogne-Franche-Comt\u00e9 (2021-2024). Son objectif est de comprendre, d\u00e9finir et mettre en lumi\u00e8re les cultures dites \u00ab alternatives \u00bb, qu\u2019elles soient sportives ou musicales, selon un angle comparatif. Il s&rsquo;agit ainsi de proposer une lecture de ces cultures alternatives \u00e0 un triple niveau : local (r\u00e9gional en Bourgogne-Franche-Comt\u00e9), [&hellip;]<\/p>\n","protected":false},"author":1,"featured_media":0,"parent":443,"menu_order":0,"comment_status":"closed","ping_status":"closed","template":"","meta":{"footnotes":""},"class_list":["post-784","page","type-page","status-publish","hentry"],"_links":{"self":[{"href":"https:\/\/aion-project.org\/blog\/index.php?rest_route=\/wp\/v2\/pages\/784","targetHints":{"allow":["GET"]}}],"collection":[{"href":"https:\/\/aion-project.org\/blog\/index.php?rest_route=\/wp\/v2\/pages"}],"about":[{"href":"https:\/\/aion-project.org\/blog\/index.php?rest_route=\/wp\/v2\/types\/page"}],"author":[{"embeddable":true,"href":"https:\/\/aion-project.org\/blog\/index.php?rest_route=\/wp\/v2\/users\/1"}],"replies":[{"embeddable":true,"href":"https:\/\/aion-project.org\/blog\/index.php?rest_route=%2Fwp%2Fv2%2Fcomments&post=784"}],"version-history":[{"count":5,"href":"https:\/\/aion-project.org\/blog\/index.php?rest_route=\/wp\/v2\/pages\/784\/revisions"}],"predecessor-version":[{"id":1196,"href":"https:\/\/aion-project.org\/blog\/index.php?rest_route=\/wp\/v2\/pages\/784\/revisions\/1196"}],"up":[{"embeddable":true,"href":"https:\/\/aion-project.org\/blog\/index.php?rest_route=\/wp\/v2\/pages\/443"}],"wp:attachment":[{"href":"https:\/\/aion-project.org\/blog\/index.php?rest_route=%2Fwp%2Fv2%2Fmedia&parent=784"}],"curies":[{"name":"wp","href":"https:\/\/api.w.org\/{rel}","templated":true}]}}