{"id":723,"date":"2021-05-06T17:43:48","date_gmt":"2021-05-06T17:43:48","guid":{"rendered":"https:\/\/aion-project.org\/blog\/?page_id=723"},"modified":"2022-12-23T20:06:09","modified_gmt":"2022-12-23T20:06:09","slug":"creer-et-incarner-des-creatures-fantastiques","status":"publish","type":"page","link":"https:\/\/aion-project.org\/blog\/?page_id=723","title":{"rendered":"Cr\u00e9er et incarner des cr\u00e9atures fantastiques (1re partie) 18\/02\/22"},"content":{"rendered":"<h1 style=\"text-align: justify;\"><span style=\"font-size: 18pt; font-family: book antiqua, palatino, serif;\">Colloque organis\u00e9 conjointement par l\u2019ANR Ai\u00f4n et le laboratoire<em> Textes et Cultures <\/em>(UR 4028) de l\u2019Universit\u00e9 d\u2019Artois, en partenariat avec le festival Atrebatia &#8211; Escales imaginaires.<\/span><\/h1>\n<p style=\"text-align: justify;\"><span style=\"font-family: book antiqua, palatino, serif; font-size: 18pt;\">En raison de la situation sanitaire, le colloque se d\u00e9roulera en deux parties. Une premi\u00e8re partie en visioconf\u00e9rence le vendredi 18 f\u00e9vrier 2022 et une deuxi\u00e8me partie en pr\u00e9sentiel \u00e0 Arras le samedi 18 f\u00e9vrier 2023.<\/span><\/p>\n<p style=\"text-align: center;\"><strong><span style=\"font-family: book antiqua, palatino, serif; font-size: 24pt; color: #333399;\"><a style=\"color: #333399;\" href=\"https:\/\/aion-project.org\/blog\/wp-content\/uploads\/2022\/01\/programme-Creer-et-incarner-des-creatures-fantastiques_option2-1.pdf\" target=\"_blank\" rel=\"noopener\">Programme \u00ab\u00a0Cr\u00e9er et incarner des cr\u00e9atures fantastiques\u00a0\u00bb<\/a><\/span><\/strong><\/p>\n<h1 style=\"text-align: center;\"><img loading=\"lazy\" decoding=\"async\" class=\"size-full wp-image-1309 aligncenter\" src=\"https:\/\/aion-project.org\/blog\/wp-content\/uploads\/2022\/01\/affiche-1re-partie-1.jpg\" alt=\"\" width=\"565\" height=\"800\" srcset=\"https:\/\/aion-project.org\/blog\/wp-content\/uploads\/2022\/01\/affiche-1re-partie-1.jpg 565w, https:\/\/aion-project.org\/blog\/wp-content\/uploads\/2022\/01\/affiche-1re-partie-1-212x300.jpg 212w\" sizes=\"auto, (max-width: 565px) 100vw, 565px\" \/><\/h1>\n<h1 style=\"text-align: center;\"><span style=\"color: #000080; font-family: book antiqua, palatino, serif; font-size: 18pt;\"><a style=\"color: #000080;\" href=\"https:\/\/aion-project.org\/blog\/wp-content\/uploads\/2021\/05\/AAC-Creer-et-incarner-des-creatures-fantastiques.pdf\">Appel \u00e0 communications<\/a><\/span><\/h1>\n<p style=\"text-align: justify;\"><span style=\"font-size: 18pt; font-family: book antiqua, palatino, serif;\">\u00a0<\/span><\/p>\n<div id=\"sdfootnote1\"><span style=\"font-family: book antiqua, palatino, serif;\"><a class=\"sdfootnotesym\" href=\"#sdfootnote1anc\" name=\"sdfootnote1sym\"><\/a><\/span><\/div>\n","protected":false},"excerpt":{"rendered":"<p>Colloque organis\u00e9 conjointement par l\u2019ANR Ai\u00f4n et le laboratoire Textes et Cultures (UR 4028) de l\u2019Universit\u00e9 d\u2019Artois, en partenariat avec le festival Atrebatia &#8211; Escales imaginaires. En raison de la situation sanitaire, le colloque se d\u00e9roulera en deux parties. Une premi\u00e8re partie en visioconf\u00e9rence le vendredi 18 f\u00e9vrier 2022 et une deuxi\u00e8me partie en pr\u00e9sentiel [&hellip;]<\/p>\n","protected":false},"author":1,"featured_media":0,"parent":22,"menu_order":0,"comment_status":"closed","ping_status":"closed","template":"","meta":{"footnotes":""},"class_list":["post-723","page","type-page","status-publish","hentry"],"_links":{"self":[{"href":"https:\/\/aion-project.org\/blog\/index.php?rest_route=\/wp\/v2\/pages\/723","targetHints":{"allow":["GET"]}}],"collection":[{"href":"https:\/\/aion-project.org\/blog\/index.php?rest_route=\/wp\/v2\/pages"}],"about":[{"href":"https:\/\/aion-project.org\/blog\/index.php?rest_route=\/wp\/v2\/types\/page"}],"author":[{"embeddable":true,"href":"https:\/\/aion-project.org\/blog\/index.php?rest_route=\/wp\/v2\/users\/1"}],"replies":[{"embeddable":true,"href":"https:\/\/aion-project.org\/blog\/index.php?rest_route=%2Fwp%2Fv2%2Fcomments&post=723"}],"version-history":[{"count":19,"href":"https:\/\/aion-project.org\/blog\/index.php?rest_route=\/wp\/v2\/pages\/723\/revisions"}],"predecessor-version":[{"id":1507,"href":"https:\/\/aion-project.org\/blog\/index.php?rest_route=\/wp\/v2\/pages\/723\/revisions\/1507"}],"up":[{"embeddable":true,"href":"https:\/\/aion-project.org\/blog\/index.php?rest_route=\/wp\/v2\/pages\/22"}],"wp:attachment":[{"href":"https:\/\/aion-project.org\/blog\/index.php?rest_route=%2Fwp%2Fv2%2Fmedia&parent=723"}],"curies":[{"name":"wp","href":"https:\/\/api.w.org\/{rel}","templated":true}]}}

Créer et incarner des créatures fantastiques (1re partie) 18/02/22

<h1 style="text-align: justify;"><span style="font-size: 18pt; font-family: book antiqua, palatino, serif;">Colloque organisé conjointement par l’ANR Aiôn et le laboratoire<em> Textes et Cultures </em>(UR 4028) de l’Université d’Artois, en partenariat avec le festival Atrebatia &#8211; Escales imaginaires.</span></h1>
<p style="text-align: justify;"><span style="font-family: book antiqua, palatino, serif; font-size: 18pt;">En raison de la situation sanitaire, le colloque se déroulera en deux parties. Une première partie en visioconférence le vendredi 18 février 2022 et une deuxième partie en présentiel à Arras le samedi 18 février 2023.</span></p>
<p style="text-align: center;"><strong><span style="font-family: book antiqua, palatino, serif; font-size: 24pt; color: #333399;"><a style="color: #333399;" href="https://aion-project.org/blog/wp-content/uploads/2022/01/programme-Creer-et-incarner-des-creatures-fantastiques_option2-1.pdf" target="_blank" rel="noopener">Programme « Créer et incarner des créatures fantastiques »</a></span></strong></p>
<h1 style="text-align: center;"><img loading="lazy" decoding="async" class="size-full wp-image-1309 aligncenter" src="https://aion-project.org/blog/wp-content/uploads/2022/01/affiche-1re-partie-1.jpg" alt="" width="565" height="800" srcset="https://aion-project.org/blog/wp-content/uploads/2022/01/affiche-1re-partie-1.jpg 565w, https://aion-project.org/blog/wp-content/uploads/2022/01/affiche-1re-partie-1-212x300.jpg 212w" sizes="auto, (max-width: 565px) 100vw, 565px" /></h1>
<h1 style="text-align: center;"><span style="color: #000080; font-family: book antiqua, palatino, serif; font-size: 18pt;"><a style="color: #000080;" href="https://aion-project.org/blog/wp-content/uploads/2021/05/AAC-Creer-et-incarner-des-creatures-fantastiques.pdf">Appel à communications</a></span></h1>
<p style="text-align: justify;"><span style="font-size: 18pt; font-family: book antiqua, palatino, serif;"> </span></p>
<div id="sdfootnote1"><span style="font-family: book antiqua, palatino, serif;"><a class="sdfootnotesym" href="#sdfootnote1anc" name="sdfootnote1sym"></a></span></div>

<p>Colloque organisé conjointement par l’ANR Aiôn et le laboratoire Textes et Cultures (UR 4028) de l’Université d’Artois, en partenariat avec le festival Atrebatia &#8211; Escales imaginaires. En raison de la situation sanitaire, le colloque se déroulera en deux parties. Une première partie en visioconférence le vendredi 18 février 2022 et une deuxième partie en présentiel [&hellip;]</p>
