{"id":691,"date":"2021-04-08T07:21:45","date_gmt":"2021-04-08T07:21:45","guid":{"rendered":"https:\/\/aion-project.org\/blog\/?page_id=691"},"modified":"2026-03-02T15:07:08","modified_gmt":"2026-03-02T15:07:08","slug":"presentation-generale-des-axes","status":"publish","type":"page","link":"https:\/\/aion-project.org\/blog\/?page_id=691","title":{"rendered":"Pr\u00e9sentation g\u00e9n\u00e9rale des axes"},"content":{"rendered":"<p class=\"has-text-color has-very-dark-gray-color\" style=\"text-align: justify;\"><span style=\"font-size: 18pt; font-family: book antiqua, palatino, serif;\">Afin d&rsquo;organiser le travail collectif, des axes th\u00e9matiques ont \u00e9t\u00e9 collectivement d\u00e9limit\u00e9s et sont r\u00e9guli\u00e8rement retravaill\u00e9s afin d&rsquo;affiner le travail de recherche autour de l&rsquo;imaginaire du temps. Chacun de ses axes est pilot\u00e9 par un ou deux membres du programme Ai\u00f4n, qui ont pour mission de planifier et d&rsquo;organiser des temps de travail, des rencontres acad\u00e9miques (colloques, journ\u00e9es d&rsquo;\u00e9tudes, etc.) et d&rsquo;encadrer les travaux men\u00e9s au sein des axes.<\/span><\/p>\r\n<p style=\"text-align: justify;\">\u00a0<\/p>\r\n<p class=\"has-background has-light-green-cyan-background-color\" style=\"text-align: center;\"><span style=\"font-size: 24pt; font-family: book antiqua, palatino, serif;\"><strong>Les axes du programme<br \/><\/strong><\/span><\/p>\r\n<p class=\"has-text-color has-very-dark-gray-color\" style=\"text-align: center;\"><span style=\"font-size: 24pt; font-family: book antiqua, palatino, serif;\"><!-- \/wp:post-content -->\r\n\r\n<!-- wp:paragraph {\"align\":\"center\",\"textColor\":\"very-dark-gray\"} --><\/span><\/p>\r\n<p>&nbsp;<\/p>\r\n<p class=\"has-text-color has-very-dark-gray-color\" style=\"text-align: center;\"><span style=\"font-size: 24pt; font-family: book antiqua, palatino, serif;\"><!-- \/wp:paragraph -->\r\n\r\n<!-- wp:paragraph {\"align\":\"center\",\"textColor\":\"very-dark-gray\"} --><\/span><\/p>\r\n<p class=\"has-text-color has-very-dark-gray-color\" style=\"text-align: center;\"><span style=\"font-size: 24pt; font-family: book antiqua, palatino, serif;\"><strong>1- Histoire et imaginaire<\/strong><\/span><\/p>\r\n<p class=\"has-text-color has-very-dark-gray-color\" style=\"text-align: center;\"><span style=\"font-size: 24pt; font-family: book antiqua, palatino, serif;\">No\u00e9mie Budin &amp; Cl\u00e9mentine Hougue<\/span><\/p>\r\n<p class=\"has-text-color has-very-dark-gray-color\" style=\"text-align: center;\"><span style=\"font-size: 24pt; font-family: book antiqua, palatino, serif;\"><strong>2- Les imaginaires du d\u00e9tournement<br \/><\/strong><\/span><\/p>\r\n<p class=\"has-text-color has-very-dark-gray-color\" style=\"text-align: center;\"><span style=\"font-size: 24pt; font-family: book antiqua, palatino, serif;\">R\u00e9mi Cayatte &amp; Orlane Messey<\/span><\/p>\r\n<p class=\"has-text-color has-very-dark-gray-color\" style=\"text-align: center;\"><span style=\"font-size: 24pt; font-family: book antiqua, palatino, serif;\"><!-- \/wp:paragraph -->\r\n\r\n<!-- wp:paragraph {\"align\":\"center\",\"textColor\":\"very-dark-gray\"} --><\/span><\/p>\r\n<p class=\"has-text-color has-very-dark-gray-color\" style=\"text-align: center;\"><span style=\"font-size: 24pt; font-family: book antiqua, palatino, serif;\"><strong>3- Mythes et imaginaire<\/strong><\/span><\/p>\r\n<p class=\"has-text-color has-very-dark-gray-color\" style=\"text-align: center;\"><span style=\"font-size: 24pt; font-family: book antiqua, palatino, serif;\">Laurent Di Filippo<\/span><\/p>\r\n<p class=\"has-text-color has-very-dark-gray-color\" style=\"text-align: center;\">\u00a0<\/p>\r\n<p class=\"has-text-color has-very-dark-gray-color\"><span style=\"font-family: book antiqua, palatino, serif; font-size: 24pt;\"><!-- \/wp:paragraph -->\r\n\r\n<!-- wp:paragraph --><\/span><\/p>\r\n<p>&nbsp;<\/p>","protected":false},"excerpt":{"rendered":"<p>Afin d&rsquo;organiser le travail collectif, des axes th\u00e9matiques ont \u00e9t\u00e9 collectivement d\u00e9limit\u00e9s et sont r\u00e9guli\u00e8rement retravaill\u00e9s afin d&rsquo;affiner le travail de recherche autour de l&rsquo;imaginaire du temps. Chacun de ses axes est pilot\u00e9 par un ou deux membres du programme Ai\u00f4n, qui ont pour mission de planifier et d&rsquo;organiser des temps de travail, des rencontres [&hellip;]<\/p>\n","protected":false},"author":1,"featured_media":0,"parent":640,"menu_order":0,"comment_status":"closed","ping_status":"closed","template":"","meta":{"footnotes":""},"class_list":["post-691","page","type-page","status-publish","hentry"],"_links":{"self":[{"href":"https:\/\/aion-project.org\/blog\/index.php?rest_route=\/wp\/v2\/pages\/691","targetHints":{"allow":["GET"]}}],"collection":[{"href":"https:\/\/aion-project.org\/blog\/index.php?rest_route=\/wp\/v2\/pages"}],"about":[{"href":"https:\/\/aion-project.org\/blog\/index.php?rest_route=\/wp\/v2\/types\/page"}],"author":[{"embeddable":true,"href":"https:\/\/aion-project.org\/blog\/index.php?rest_route=\/wp\/v2\/users\/1"}],"replies":[{"embeddable":true,"href":"https:\/\/aion-project.org\/blog\/index.php?rest_route=%2Fwp%2Fv2%2Fcomments&post=691"}],"version-history":[{"count":11,"href":"https:\/\/aion-project.org\/blog\/index.php?rest_route=\/wp\/v2\/pages\/691\/revisions"}],"predecessor-version":[{"id":921,"href":"https:\/\/aion-project.org\/blog\/index.php?rest_route=\/wp\/v2\/pages\/691\/revisions\/921"}],"up":[{"embeddable":true,"href":"https:\/\/aion-project.org\/blog\/index.php?rest_route=\/wp\/v2\/pages\/640"}],"wp:attachment":[{"href":"https:\/\/aion-project.org\/blog\/index.php?rest_route=%2Fwp%2Fv2%2Fmedia&parent=691"}],"curies":[{"name":"wp","href":"https:\/\/api.w.org\/{rel}","templated":true}]}}

Présentation générale des axes

<p class="has-text-color has-very-dark-gray-color" style="text-align: justify;"><span style="font-size: 18pt; font-family: book antiqua, palatino, serif;">Afin d&rsquo;organiser le travail collectif, des axes thématiques ont été collectivement délimités et sont régulièrement retravaillés afin d&rsquo;affiner le travail de recherche autour de l&rsquo;imaginaire du temps. Chacun de ses axes est piloté par un ou deux membres du programme Aiôn, qui ont pour mission de planifier et d&rsquo;organiser des temps de travail, des rencontres académiques (colloques, journées d&rsquo;études, etc.) et d&rsquo;encadrer les travaux menés au sein des axes.</span></p>
<p style="text-align: justify;"> </p>
<p class="has-background has-light-green-cyan-background-color" style="text-align: center;"><span style="font-size: 24pt; font-family: book antiqua, palatino, serif;"><strong>Les axes du programme<br /></strong></span></p>
<p class="has-text-color has-very-dark-gray-color" style="text-align: center;"><span style="font-size: 24pt; font-family: book antiqua, palatino, serif;"><!-- /wp:post-content -->

<!-- wp:paragraph {"align":"center","textColor":"very-dark-gray"} --></span></p>
<p>&nbsp;</p>
<p class="has-text-color has-very-dark-gray-color" style="text-align: center;"><span style="font-size: 24pt; font-family: book antiqua, palatino, serif;"><!-- /wp:paragraph -->

<!-- wp:paragraph {"align":"center","textColor":"very-dark-gray"} --></span></p>
<p class="has-text-color has-very-dark-gray-color" style="text-align: center;"><span style="font-size: 24pt; font-family: book antiqua, palatino, serif;"><strong>1- Histoire et imaginaire</strong></span></p>
<p class="has-text-color has-very-dark-gray-color" style="text-align: center;"><span style="font-size: 24pt; font-family: book antiqua, palatino, serif;">Noémie Budin &amp; Clémentine Hougue</span></p>
<p class="has-text-color has-very-dark-gray-color" style="text-align: center;"><span style="font-size: 24pt; font-family: book antiqua, palatino, serif;"><strong>2- Les imaginaires du détournement<br /></strong></span></p>
<p class="has-text-color has-very-dark-gray-color" style="text-align: center;"><span style="font-size: 24pt; font-family: book antiqua, palatino, serif;">Rémi Cayatte &amp; Orlane Messey</span></p>
<p class="has-text-color has-very-dark-gray-color" style="text-align: center;"><span style="font-size: 24pt; font-family: book antiqua, palatino, serif;"><!-- /wp:paragraph -->

<!-- wp:paragraph {"align":"center","textColor":"very-dark-gray"} --></span></p>
<p class="has-text-color has-very-dark-gray-color" style="text-align: center;"><span style="font-size: 24pt; font-family: book antiqua, palatino, serif;"><strong>3- Mythes et imaginaire</strong></span></p>
<p class="has-text-color has-very-dark-gray-color" style="text-align: center;"><span style="font-size: 24pt; font-family: book antiqua, palatino, serif;">Laurent Di Filippo</span></p>
<p class="has-text-color has-very-dark-gray-color" style="text-align: center;"> </p>
<p class="has-text-color has-very-dark-gray-color"><span style="font-family: book antiqua, palatino, serif; font-size: 24pt;"><!-- /wp:paragraph -->

<!-- wp:paragraph --></span></p>
<p>&nbsp;</p>

<p>Afin d&rsquo;organiser le travail collectif, des axes thématiques ont été collectivement délimités et sont régulièrement retravaillés afin d&rsquo;affiner le travail de recherche autour de l&rsquo;imaginaire du temps. Chacun de ses axes est piloté par un ou deux membres du programme Aiôn, qui ont pour mission de planifier et d&rsquo;organiser des temps de travail, des rencontres [&hellip;]</p>
