{"id":613,"date":"2021-03-12T12:28:48","date_gmt":"2021-03-12T12:28:48","guid":{"rendered":"https:\/\/aion-project.org\/blog\/?page_id=613"},"modified":"2021-10-14T16:44:47","modified_gmt":"2021-10-14T16:44:47","slug":"fantasy-et-imaginaire","status":"publish","type":"page","link":"https:\/\/aion-project.org\/blog\/?page_id=613","title":{"rendered":"Fantasy et imaginaire 24\/09\/21"},"content":{"rendered":"<p style=\"text-align: justify;\"><span style=\"font-family: book antiqua, palatino, serif; font-size: 18pt;\">Les ateliers-s\u00e9minaires <em>Loisirs et imaginaire<\/em> se sont d\u00e9clin\u00e9s, pour leur quatri\u00e8me \u00e9dition, sur la th\u00e9matique <strong>Fantasy et imaginaire<\/strong>.<br \/>\n<\/span><\/p>\n<p>&nbsp;<\/p>\n<p style=\"text-align: center;\"><span style=\"color: #800080; font-family: book antiqua, palatino, serif;\"><strong><span style=\"font-size: 24pt;\"><a style=\"color: #800080;\" href=\"https:\/\/aion-project.org\/blog\/wp-content\/uploads\/2021\/07\/programme_saison4_fantasy_numerique-2.pdf\">Programme Fantasy et imaginaire<\/a><\/span><\/strong><\/span><\/p>\n<p>&nbsp;<\/p>\n<p><span style=\"font-family: book antiqua, palatino, serif;\"><img loading=\"lazy\" decoding=\"async\" class=\"size-large wp-image-814 aligncenter\" src=\"https:\/\/aion-project.org\/blog\/wp-content\/uploads\/2021\/07\/Affiche_saison4_fantasy-724x1024.jpg\" alt=\"\" width=\"724\" height=\"1024\" srcset=\"https:\/\/aion-project.org\/blog\/wp-content\/uploads\/2021\/07\/Affiche_saison4_fantasy-724x1024.jpg 724w, https:\/\/aion-project.org\/blog\/wp-content\/uploads\/2021\/07\/Affiche_saison4_fantasy-212x300.jpg 212w, https:\/\/aion-project.org\/blog\/wp-content\/uploads\/2021\/07\/Affiche_saison4_fantasy-768x1086.jpg 768w, https:\/\/aion-project.org\/blog\/wp-content\/uploads\/2021\/07\/Affiche_saison4_fantasy.jpg 794w\" sizes=\"auto, (max-width: 724px) 100vw, 724px\" \/><\/span><\/p>\n<p>&nbsp;<\/p>\n<p style=\"text-align: center;\"><span style=\"font-family: book antiqua, palatino, serif; color: #800080;\"><strong><span style=\"font-size: 24pt;\"><a style=\"color: #800080;\" href=\"https:\/\/aion-project.org\/blog\/wp-content\/uploads\/2021\/07\/programme_saison4_fantasy_numerique-1.pdf\">AAC Fantasy et imaginaire<\/a><\/span><\/strong><\/span><\/p>\n<p style=\"text-align: center;\">\n","protected":false},"excerpt":{"rendered":"<p>Les ateliers-s\u00e9minaires Loisirs et imaginaire se sont d\u00e9clin\u00e9s, pour leur quatri\u00e8me \u00e9dition, sur la th\u00e9matique Fantasy et imaginaire. &nbsp; Programme Fantasy et imaginaire &nbsp; &nbsp; AAC Fantasy et imaginaire<\/p>\n","protected":false},"author":1,"featured_media":0,"parent":22,"menu_order":0,"comment_status":"closed","ping_status":"closed","template":"","meta":{"footnotes":""},"class_list":["post-613","page","type-page","status-publish","hentry"],"_links":{"self":[{"href":"https:\/\/aion-project.org\/blog\/index.php?rest_route=\/wp\/v2\/pages\/613","targetHints":{"allow":["GET"]}}],"collection":[{"href":"https:\/\/aion-project.org\/blog\/index.php?rest_route=\/wp\/v2\/pages"}],"about":[{"href":"https:\/\/aion-project.org\/blog\/index.php?rest_route=\/wp\/v2\/types\/page"}],"author":[{"embeddable":true,"href":"https:\/\/aion-project.org\/blog\/index.php?rest_route=\/wp\/v2\/users\/1"}],"replies":[{"embeddable":true,"href":"https:\/\/aion-project.org\/blog\/index.php?rest_route=%2Fwp%2Fv2%2Fcomments&post=613"}],"version-history":[{"count":11,"href":"https:\/\/aion-project.org\/blog\/index.php?rest_route=\/wp\/v2\/pages\/613\/revisions"}],"predecessor-version":[{"id":1038,"href":"https:\/\/aion-project.org\/blog\/index.php?rest_route=\/wp\/v2\/pages\/613\/revisions\/1038"}],"up":[{"embeddable":true,"href":"https:\/\/aion-project.org\/blog\/index.php?rest_route=\/wp\/v2\/pages\/22"}],"wp:attachment":[{"href":"https:\/\/aion-project.org\/blog\/index.php?rest_route=%2Fwp%2Fv2%2Fmedia&parent=613"}],"curies":[{"name":"wp","href":"https:\/\/api.w.org\/{rel}","templated":true}]}}