{"id":333,"date":"2019-11-25T11:49:50","date_gmt":"2019-11-25T11:49:50","guid":{"rendered":"https:\/\/aion-project.org\/blog\/?page_id=333"},"modified":"2021-07-17T09:31:22","modified_gmt":"2021-07-17T09:31:22","slug":"dossier-mundus-fabula","status":"publish","type":"page","link":"https:\/\/aion-project.org\/blog\/?page_id=333","title":{"rendered":"Loisirs et imaginaires &#8211; Mundus Fabula"},"content":{"rendered":"<h2 style=\"text-align: center;\"><span style=\"font-family: book antiqua, palatino, serif; font-size: 24pt; color: #800080;\"><strong>Dossier <em>Mundus Fabula <\/em>: <\/strong><\/span><\/h2>\n<h2 style=\"text-align: center;\"><span style=\"font-family: book antiqua, palatino, serif; font-size: 24pt; color: #800080;\"><strong>\u00ab\u00a0Loisirs et imaginaires. La construction de monde sociaux\u00a0\u00bb<\/strong><\/span><\/h2>\n<p><span style=\"font-family: book antiqua, palatino, serif; font-size: 18pt;\"><img loading=\"lazy\" decoding=\"async\" class=\" wp-image-248 aligncenter\" src=\"https:\/\/aion-project.org\/blog\/wp-content\/uploads\/2019\/10\/surf-1603433_1920-500x304-300x182.jpg\" alt=\"\" width=\"492\" height=\"299\" srcset=\"https:\/\/aion-project.org\/blog\/wp-content\/uploads\/2019\/10\/surf-1603433_1920-500x304-300x182.jpg 300w, https:\/\/aion-project.org\/blog\/wp-content\/uploads\/2019\/10\/surf-1603433_1920-500x304-400x243.jpg 400w, https:\/\/aion-project.org\/blog\/wp-content\/uploads\/2019\/10\/surf-1603433_1920-500x304.jpg 500w\" sizes=\"auto, (max-width: 492px) 100vw, 492px\" \/><\/span><\/p>\n<p>&nbsp;<\/p>\n<p style=\"text-align: justify;\"><span style=\"font-family: book antiqua, palatino, serif; font-size: 18pt;\">Suite \u00e0 un premier atelier-s\u00e9minaire men\u00e9 \u00e0 l&rsquo;Universit\u00e9 de Franche-Comt\u00e9 en octobre 2018, intitul\u00e9 \u00ab\u00a0Loisirs et imaginaires. La construction de mondes sociaux\u00a0\u00bb, une publication a \u00e9t\u00e9 r\u00e9alis\u00e9 sur le carnet hypoth\u00e8ses.org <em>Mundus Fabula<\/em>. L&rsquo;ensemble du dossier est disponible en libre acc\u00e8s <a href=\"https:\/\/mf.hypotheses.org\/948\">ici<\/a>.<\/span><\/p>\n","protected":false},"excerpt":{"rendered":"<p>Dossier Mundus Fabula : \u00ab\u00a0Loisirs et imaginaires. La construction de monde sociaux\u00a0\u00bb &nbsp; Suite \u00e0 un premier atelier-s\u00e9minaire men\u00e9 \u00e0 l&rsquo;Universit\u00e9 de Franche-Comt\u00e9 en octobre 2018, intitul\u00e9 \u00ab\u00a0Loisirs et imaginaires. La construction de mondes sociaux\u00a0\u00bb, une publication a \u00e9t\u00e9 r\u00e9alis\u00e9 sur le carnet hypoth\u00e8ses.org Mundus Fabula. L&rsquo;ensemble du dossier est disponible en libre acc\u00e8s ici.<\/p>\n","protected":false},"author":1,"featured_media":0,"parent":20,"menu_order":0,"comment_status":"closed","ping_status":"closed","template":"","meta":{"footnotes":""},"class_list":["post-333","page","type-page","status-publish","hentry"],"_links":{"self":[{"href":"https:\/\/aion-project.org\/blog\/index.php?rest_route=\/wp\/v2\/pages\/333","targetHints":{"allow":["GET"]}}],"collection":[{"href":"https:\/\/aion-project.org\/blog\/index.php?rest_route=\/wp\/v2\/pages"}],"about":[{"href":"https:\/\/aion-project.org\/blog\/index.php?rest_route=\/wp\/v2\/types\/page"}],"author":[{"embeddable":true,"href":"https:\/\/aion-project.org\/blog\/index.php?rest_route=\/wp\/v2\/users\/1"}],"replies":[{"embeddable":true,"href":"https:\/\/aion-project.org\/blog\/index.php?rest_route=%2Fwp%2Fv2%2Fcomments&post=333"}],"version-history":[{"count":7,"href":"https:\/\/aion-project.org\/blog\/index.php?rest_route=\/wp\/v2\/pages\/333\/revisions"}],"predecessor-version":[{"id":1020,"href":"https:\/\/aion-project.org\/blog\/index.php?rest_route=\/wp\/v2\/pages\/333\/revisions\/1020"}],"up":[{"embeddable":true,"href":"https:\/\/aion-project.org\/blog\/index.php?rest_route=\/wp\/v2\/pages\/20"}],"wp:attachment":[{"href":"https:\/\/aion-project.org\/blog\/index.php?rest_route=%2Fwp%2Fv2%2Fmedia&parent=333"}],"curies":[{"name":"wp","href":"https:\/\/api.w.org\/{rel}","templated":true}]}}

<h2 style="text-align: center;"><span style="font-family: book antiqua, palatino, serif; font-size: 24pt; color: #800080;"><strong>Dossier <em>Mundus Fabula </em>: </strong></span></h2>
<h2 style="text-align: center;"><span style="font-family: book antiqua, palatino, serif; font-size: 24pt; color: #800080;"><strong>« Loisirs et imaginaires. La construction de monde sociaux »</strong></span></h2>
<p><span style="font-family: book antiqua, palatino, serif; font-size: 18pt;"><img loading="lazy" decoding="async" class=" wp-image-248 aligncenter" src="https://aion-project.org/blog/wp-content/uploads/2019/10/surf-1603433_1920-500x304-300x182.jpg" alt="" width="492" height="299" srcset="https://aion-project.org/blog/wp-content/uploads/2019/10/surf-1603433_1920-500x304-300x182.jpg 300w, https://aion-project.org/blog/wp-content/uploads/2019/10/surf-1603433_1920-500x304-400x243.jpg 400w, https://aion-project.org/blog/wp-content/uploads/2019/10/surf-1603433_1920-500x304.jpg 500w" sizes="auto, (max-width: 492px) 100vw, 492px" /></span></p>
<p>&nbsp;</p>
<p style="text-align: justify;"><span style="font-family: book antiqua, palatino, serif; font-size: 18pt;">Suite à un premier atelier-séminaire mené à l&rsquo;Université de Franche-Comté en octobre 2018, intitulé « Loisirs et imaginaires. La construction de mondes sociaux », une publication a été réalisé sur le carnet hypothèses.org <em>Mundus Fabula</em>. L&rsquo;ensemble du dossier est disponible en libre accès <a href="https://mf.hypotheses.org/948">ici</a>.</span></p>

<p>Dossier Mundus Fabula : « Loisirs et imaginaires. La construction de monde sociaux » &nbsp; Suite à un premier atelier-séminaire mené à l&rsquo;Université de Franche-Comté en octobre 2018, intitulé « Loisirs et imaginaires. La construction de mondes sociaux », une publication a été réalisé sur le carnet hypothèses.org Mundus Fabula. L&rsquo;ensemble du dossier est disponible en libre accès ici.</p>
