{"id":22,"date":"2019-09-30T11:49:33","date_gmt":"2019-09-30T11:49:33","guid":{"rendered":"https:\/\/aion-project.org\/blog\/?page_id=22"},"modified":"2022-02-11T11:39:17","modified_gmt":"2022-02-11T11:39:17","slug":"les-colloques-et-seminaires","status":"publish","type":"page","link":"https:\/\/aion-project.org\/blog\/?page_id=22","title":{"rendered":"Les rencontres scientifiques"},"content":{"rendered":"\r\n<p class=\"has-background has-light-green-cyan-background-color\" style=\"text-align: center;\"><span style=\"font-family: book antiqua, palatino, serif; font-size: 24pt;\">\u00a0Vous trouverez ici les colloques, journ\u00e9es d&rsquo;\u00e9tude et s\u00e9minaires de recherche port\u00e9s par l&rsquo;\u00e9quipe Ai\u00f4n.<\/span><\/p>\r\n","protected":false},"excerpt":{"rendered":"<p>\u00a0Vous trouverez ici les colloques, journ\u00e9es d&rsquo;\u00e9tude et s\u00e9minaires de recherche port\u00e9s par l&rsquo;\u00e9quipe Ai\u00f4n.<\/p>\n","protected":false},"author":1,"featured_media":0,"parent":0,"menu_order":0,"comment_status":"closed","ping_status":"closed","template":"","meta":{"footnotes":""},"class_list":["post-22","page","type-page","status-publish","hentry"],"_links":{"self":[{"href":"https:\/\/aion-project.org\/blog\/index.php?rest_route=\/wp\/v2\/pages\/22","targetHints":{"allow":["GET"]}}],"collection":[{"href":"https:\/\/aion-project.org\/blog\/index.php?rest_route=\/wp\/v2\/pages"}],"about":[{"href":"https:\/\/aion-project.org\/blog\/index.php?rest_route=\/wp\/v2\/types\/page"}],"author":[{"embeddable":true,"href":"https:\/\/aion-project.org\/blog\/index.php?rest_route=\/wp\/v2\/users\/1"}],"replies":[{"embeddable":true,"href":"https:\/\/aion-project.org\/blog\/index.php?rest_route=%2Fwp%2Fv2%2Fcomments&post=22"}],"version-history":[{"count":12,"href":"https:\/\/aion-project.org\/blog\/index.php?rest_route=\/wp\/v2\/pages\/22\/revisions"}],"predecessor-version":[{"id":1331,"href":"https:\/\/aion-project.org\/blog\/index.php?rest_route=\/wp\/v2\/pages\/22\/revisions\/1331"}],"wp:attachment":[{"href":"https:\/\/aion-project.org\/blog\/index.php?rest_route=%2Fwp%2Fv2%2Fmedia&parent=22"}],"curies":[{"name":"wp","href":"https:\/\/api.w.org\/{rel}","templated":true}]}}