{"id":20,"date":"2019-09-30T11:47:20","date_gmt":"2019-09-30T11:47:20","guid":{"rendered":"https:\/\/aion-project.org\/blog\/?page_id=20"},"modified":"2021-10-23T14:26:40","modified_gmt":"2021-10-23T14:26:40","slug":"les-publications","status":"publish","type":"page","link":"https:\/\/aion-project.org\/blog\/?page_id=20","title":{"rendered":"Les publications"},"content":{"rendered":"<p style=\"text-align: justify;\"><span style=\"font-family: book antiqua, palatino, serif; font-size: 18pt;\">Cet onglet pr\u00e9sente les publications d&rsquo;Ai\u00f4n. Les productions individuelles sont recens\u00e9es dans les pages \u00ab\u00a0<a href=\"https:\/\/aion-project.org\/blog\/?page_id=1251\" target=\"_blank\" rel=\"noopener\"><span style=\"color: #000000;\">Articles et chapitres d&rsquo;ouvrages<\/span><\/a>\u00a0\u00bb et \u00ab\u00a0<a href=\"https:\/\/aion-project.org\/blog\/?page_id=329\" target=\"_blank\" rel=\"noopener\"><span style=\"color: #000000;\">Comptes rendus<\/span><\/a>\u00ab\u00a0. Les autres pages exposent les publications collectives, dans lesquelles apparaissent plusieurs membres de l&rsquo;\u00e9quipe. <\/span><br \/><br \/><\/p>\r\n\r\n\r\n","protected":false},"excerpt":{"rendered":"<p>Cet onglet pr\u00e9sente les publications d&rsquo;Ai\u00f4n. Les productions individuelles sont recens\u00e9es dans les pages \u00ab\u00a0Articles et chapitres d&rsquo;ouvrages\u00a0\u00bb et \u00ab\u00a0Comptes rendus\u00ab\u00a0. Les autres pages exposent les publications collectives, dans lesquelles apparaissent plusieurs membres de l&rsquo;\u00e9quipe.<\/p>\n","protected":false},"author":1,"featured_media":0,"parent":0,"menu_order":0,"comment_status":"closed","ping_status":"closed","template":"","meta":{"footnotes":""},"class_list":["post-20","page","type-page","status-publish","hentry"],"_links":{"self":[{"href":"https:\/\/aion-project.org\/blog\/index.php?rest_route=\/wp\/v2\/pages\/20","targetHints":{"allow":["GET"]}}],"collection":[{"href":"https:\/\/aion-project.org\/blog\/index.php?rest_route=\/wp\/v2\/pages"}],"about":[{"href":"https:\/\/aion-project.org\/blog\/index.php?rest_route=\/wp\/v2\/types\/page"}],"author":[{"embeddable":true,"href":"https:\/\/aion-project.org\/blog\/index.php?rest_route=\/wp\/v2\/users\/1"}],"replies":[{"embeddable":true,"href":"https:\/\/aion-project.org\/blog\/index.php?rest_route=%2Fwp%2Fv2%2Fcomments&post=20"}],"version-history":[{"count":36,"href":"https:\/\/aion-project.org\/blog\/index.php?rest_route=\/wp\/v2\/pages\/20\/revisions"}],"predecessor-version":[{"id":1268,"href":"https:\/\/aion-project.org\/blog\/index.php?rest_route=\/wp\/v2\/pages\/20\/revisions\/1268"}],"wp:attachment":[{"href":"https:\/\/aion-project.org\/blog\/index.php?rest_route=%2Fwp%2Fv2%2Fmedia&parent=20"}],"curies":[{"name":"wp","href":"https:\/\/api.w.org\/{rel}","templated":true}]}}