{"id":2,"date":"2019-09-29T17:25:18","date_gmt":"2019-09-29T17:25:18","guid":{"rendered":"https:\/\/aion-project.org\/blog\/?page_id=2"},"modified":"2026-02-07T11:59:26","modified_gmt":"2026-02-07T11:59:26","slug":"sample-page","status":"publish","type":"page","link":"https:\/\/aion-project.org\/blog\/","title":{"rendered":"Ai\u00f4n &#8211; Accueil"},"content":{"rendered":"<p><span style=\"color: #000000;\"><\/span><\/p>\r\n<p>&nbsp;<\/p>\r\n<p><span style=\"font-family: book antiqua, palatino, serif; font-size: 18pt;\"><img loading=\"lazy\" decoding=\"async\" class=\" wp-image-647 aligncenter\" src=\"https:\/\/aion-project.org\/blog\/wp-content\/uploads\/2021\/04\/banniere-aion2-1024x394.png\" alt=\"\" width=\"802\" height=\"309\" srcset=\"https:\/\/aion-project.org\/blog\/wp-content\/uploads\/2021\/04\/banniere-aion2-1024x394.png 1024w, https:\/\/aion-project.org\/blog\/wp-content\/uploads\/2021\/04\/banniere-aion2-300x115.png 300w, https:\/\/aion-project.org\/blog\/wp-content\/uploads\/2021\/04\/banniere-aion2-768x295.png 768w, https:\/\/aion-project.org\/blog\/wp-content\/uploads\/2021\/04\/banniere-aion2-1536x591.png 1536w, https:\/\/aion-project.org\/blog\/wp-content\/uploads\/2021\/04\/banniere-aion2-2048x788.png 2048w, https:\/\/aion-project.org\/blog\/wp-content\/uploads\/2021\/04\/banniere-aion2-1140x439.png 1140w\" sizes=\"auto, (max-width: 802px) 100vw, 802px\" \/><\/span><\/p>\r\n<p>&nbsp;<\/p>\r\n<p class=\"has-background has-light-green-cyan-background-color\" style=\"text-align: justify;\"><span style=\"font-size: 18pt; color: #000000; font-family: book antiqua, palatino, serif;\">Ai\u00f4n est un terme issu de la philosophie antique, d\u00e9signant le temps cyclique, par opposition \u00e0 Chronos (le temps physique) et Kairos (le temps m\u00e9taphysique). Alors que nos soci\u00e9t\u00e9s contemporaines fonctionnent selon le mod\u00e8le d\u2019un temps unidirectionnel (Chronos), l&rsquo;enjeu de ce programme de recherche est de porter une attention sp\u00e9cifique aux temps de l&rsquo;Ai\u00f4n et du Kairos en s&rsquo;int\u00e9ressant notamment aux loisirs alternatifs.\u00a0<\/span><\/p>\r\n<p>&nbsp;<\/p>\r\n<p class=\"has-background has-light-green-cyan-background-color\" style=\"text-align: center;\"><span style=\"font-size: 18pt; font-family: book antiqua, palatino, serif; color: #000000;\"><span style=\"font-size: 24pt;\"><strong>Le programme Ai\u00f4n<\/strong><\/span><br \/><\/span><\/p>\r\n<p style=\"text-align: justify;\"><span style=\"font-family: book antiqua, palatino, serif; font-size: 18pt; color: #000000;\">Le programme de recherche Ai\u00f4n (2019-2025), plus pr\u00e9cis\u00e9ment intitul\u00e9 <em>Socio-anthropologie de l\u2019imaginaire du temps. Le cas des loisirs alternatifs\u00a0<\/em> a \u00e9t\u00e9 financ\u00e9 par l&rsquo;Agence nationale de la recherche (ANR-19-CE27-0008) et pilot\u00e9 par Audrey Tuaillon Dem\u00e9sy (Professeure, Universit\u00e9 de Franche-Comt\u00e9, laboratoire C3S).\u00a0 Il visait \u00e0 d\u00e9limiter la notion d\u2019imaginaire en sciences humaines et sociales afin de la rendre op\u00e9ratoire pour l\u2019analyse du r\u00e9el. Plus encore, il s&rsquo;agissait d&rsquo;appr\u00e9hender l&rsquo;imaginaire en lien avec les concepts de temps et de temporalit\u00e9s. Pour ce faire, Ai\u00f4n a pris pour objet d\u2019\u00e9tude les loisirs alternatifs et les imaginaires du temps en jeu dans ces activit\u00e9s. Ces loisirs se diff\u00e9rencient des pratiques <em>mainstream<\/em> en ce qu\u2019ils proposent d\u2019autres activit\u00e9s ludiques en r\u00e9ponse \u00e0 une pratique dominante qui devient peu satisfaisante au sein de l\u2019offre de loisir globale. Si la d\u00e9limitation temporelle \u00ab\u00a0officielle\u00a0\u00bb du programme est arriv\u00e9e \u00e0 terme, les membres du programme ont souhait\u00e9 poursuivre l&rsquo;aventure, partant du principe qu&rsquo;une recherche au long cours est possible et souhaitable. <\/span><\/p>\r\n<p style=\"text-align: justify;\"><span style=\"font-family: book antiqua, palatino, serif; font-size: 18pt; color: #000000;\">Le <strong>collectif Ai\u00f4n<\/strong> s&rsquo;est ainsi form\u00e9 \u00e0 partir de ce programme et s&rsquo;en fait le relai.\u00a0<\/span><span style=\"font-family: book antiqua, palatino, serif; font-size: 18pt; color: #000000;\">\u00c0 partir d\u2019une approche pluridisciplinaire, il se donne pour mission de produire une r\u00e9flexion scientifique autour des m\u00e9canismes de cr\u00e9ation et d\u2019utilisation des imaginaires du temps en jeu lors de diverses situations ludiques, sportives ou culturelles, en particulier lorsque celles-ci rel\u00e8vent du champ des sous-cultures ou des contre-cultures. <\/span><\/p>\r\n<p style=\"text-align: justify;\"><span style=\"font-family: book antiqua, palatino, serif; font-size: 18pt; color: #000000;\">Les travaux men\u00e9s au sein du programme Ai\u00f4n et par son collectif se d\u00e9clinent en publications acad\u00e9miques, s\u00e9minaires et colloques, mais tendent aussi \u00e0 aller \u00e0 la rencontre du grand public, par le biais de manifestations de vulgarisation scientifique. Dans cet ordre d&rsquo;id\u00e9e, une attention est port\u00e9e \u00e0 la publication des r\u00e9sultats en libre acc\u00e8s.<\/span><\/p>\r\n<p class=\"has-text-color has-drop-cap has-medium-font-size has-very-dark-gray-color\" style=\"text-align: justify;\"><span style=\"font-family: book antiqua, palatino, serif; font-size: 18pt; color: #000000;\"><!-- \/wp:post-content -->\r\n\r\n<!-- wp:image {\"id\":266,\"align\":\"center\"} --><\/span><\/p>\r\n<p class=\"has-text-color has-drop-cap has-medium-font-size has-very-dark-gray-color\" style=\"text-align: justify;\"><span style=\"font-family: book antiqua, palatino, serif; font-size: 18pt; color: #000000;\"><!-- \/wp:image -->\r\n\r\n<!-- wp:paragraph --><\/span><\/p>\r\n<p style=\"text-align: justify;\"><span style=\"font-size: 18pt; color: #000000; font-family: book antiqua, palatino, serif;\">\u00a0<\/span><\/p>\r\n<p class=\"has-text-color has-drop-cap has-medium-font-size has-very-dark-gray-color\"><span style=\"color: #000000; font-family: book antiqua, palatino, serif; font-size: 18pt;\"><!-- \/wp:paragraph -->\r\n\r\n<!-- wp:paragraph {\"align\":\"center\"} --><\/span><\/p>\r\n<p style=\"text-align: center;\"><span style=\"font-size: 14pt; color: #000000; font-family: book antiqua, palatino, serif;\">Merci \u00e0 Sidney Grospr\u00eatre pour le logo et \u00e0 \u00c9lodie Durupt pour le dessin !<\/span><\/p>\r\n<p class=\"has-text-color has-drop-cap has-medium-font-size has-very-dark-gray-color\"><span style=\"color: #000000; font-family: book antiqua, palatino, serif; font-size: 18pt;\"><!-- \/wp:paragraph --><\/span><\/p>\r\n<p>&nbsp;<\/p>","protected":false},"excerpt":{"rendered":"<p>&nbsp; &nbsp; Ai\u00f4n est un terme issu de la philosophie antique, d\u00e9signant le temps cyclique, par opposition \u00e0 Chronos (le temps physique) et Kairos (le temps m\u00e9taphysique). Alors que nos soci\u00e9t\u00e9s contemporaines fonctionnent selon le mod\u00e8le d\u2019un temps unidirectionnel (Chronos), l&rsquo;enjeu de ce programme de recherche est de porter une attention sp\u00e9cifique aux temps de [&hellip;]<\/p>\n","protected":false},"author":1,"featured_media":0,"parent":0,"menu_order":0,"comment_status":"closed","ping_status":"closed","template":"","meta":{"footnotes":""},"class_list":["post-2","page","type-page","status-publish","hentry"],"_links":{"self":[{"href":"https:\/\/aion-project.org\/blog\/index.php?rest_route=\/wp\/v2\/pages\/2","targetHints":{"allow":["GET"]}}],"collection":[{"href":"https:\/\/aion-project.org\/blog\/index.php?rest_route=\/wp\/v2\/pages"}],"about":[{"href":"https:\/\/aion-project.org\/blog\/index.php?rest_route=\/wp\/v2\/types\/page"}],"author":[{"embeddable":true,"href":"https:\/\/aion-project.org\/blog\/index.php?rest_route=\/wp\/v2\/users\/1"}],"replies":[{"embeddable":true,"href":"https:\/\/aion-project.org\/blog\/index.php?rest_route=%2Fwp%2Fv2%2Fcomments&post=2"}],"version-history":[{"count":51,"href":"https:\/\/aion-project.org\/blog\/index.php?rest_route=\/wp\/v2\/pages\/2\/revisions"}],"predecessor-version":[{"id":1907,"href":"https:\/\/aion-project.org\/blog\/index.php?rest_route=\/wp\/v2\/pages\/2\/revisions\/1907"}],"wp:attachment":[{"href":"https:\/\/aion-project.org\/blog\/index.php?rest_route=%2Fwp%2Fv2%2Fmedia&parent=2"}],"curies":[{"name":"wp","href":"https:\/\/api.w.org\/{rel}","templated":true}]}}

Aiôn &#8211; Accueil

<p><span style="color: #000000;"></span></p>
<p>&nbsp;</p>
<p><span style="font-family: book antiqua, palatino, serif; font-size: 18pt;"><img loading="lazy" decoding="async" class=" wp-image-647 aligncenter" src="https://aion-project.org/blog/wp-content/uploads/2021/04/banniere-aion2-1024x394.png" alt="" width="802" height="309" srcset="https://aion-project.org/blog/wp-content/uploads/2021/04/banniere-aion2-1024x394.png 1024w, https://aion-project.org/blog/wp-content/uploads/2021/04/banniere-aion2-300x115.png 300w, https://aion-project.org/blog/wp-content/uploads/2021/04/banniere-aion2-768x295.png 768w, https://aion-project.org/blog/wp-content/uploads/2021/04/banniere-aion2-1536x591.png 1536w, https://aion-project.org/blog/wp-content/uploads/2021/04/banniere-aion2-2048x788.png 2048w, https://aion-project.org/blog/wp-content/uploads/2021/04/banniere-aion2-1140x439.png 1140w" sizes="auto, (max-width: 802px) 100vw, 802px" /></span></p>
<p>&nbsp;</p>
<p class="has-background has-light-green-cyan-background-color" style="text-align: justify;"><span style="font-size: 18pt; color: #000000; font-family: book antiqua, palatino, serif;">Aiôn est un terme issu de la philosophie antique, désignant le temps cyclique, par opposition à Chronos (le temps physique) et Kairos (le temps métaphysique). Alors que nos sociétés contemporaines fonctionnent selon le modèle d’un temps unidirectionnel (Chronos), l&rsquo;enjeu de ce programme de recherche est de porter une attention spécifique aux temps de l&rsquo;Aiôn et du Kairos en s&rsquo;intéressant notamment aux loisirs alternatifs. </span></p>
<p>&nbsp;</p>
<p class="has-background has-light-green-cyan-background-color" style="text-align: center;"><span style="font-size: 18pt; font-family: book antiqua, palatino, serif; color: #000000;"><span style="font-size: 24pt;"><strong>Le programme Aiôn</strong></span><br /></span></p>
<p style="text-align: justify;"><span style="font-family: book antiqua, palatino, serif; font-size: 18pt; color: #000000;">Le programme de recherche Aiôn (2019-2025), plus précisément intitulé <em>Socio-anthropologie de l’imaginaire du temps. Le cas des loisirs alternatifs </em> a été financé par l&rsquo;Agence nationale de la recherche (ANR-19-CE27-0008) et piloté par Audrey Tuaillon Demésy (Professeure, Université de Franche-Comté, laboratoire C3S).  Il visait à délimiter la notion d’imaginaire en sciences humaines et sociales afin de la rendre opératoire pour l’analyse du réel. Plus encore, il s&rsquo;agissait d&rsquo;appréhender l&rsquo;imaginaire en lien avec les concepts de temps et de temporalités. Pour ce faire, Aiôn a pris pour objet d’étude les loisirs alternatifs et les imaginaires du temps en jeu dans ces activités. Ces loisirs se différencient des pratiques <em>mainstream</em> en ce qu’ils proposent d’autres activités ludiques en réponse à une pratique dominante qui devient peu satisfaisante au sein de l’offre de loisir globale. Si la délimitation temporelle « officielle » du programme est arrivée à terme, les membres du programme ont souhaité poursuivre l&rsquo;aventure, partant du principe qu&rsquo;une recherche au long cours est possible et souhaitable. </span></p>
<p style="text-align: justify;"><span style="font-family: book antiqua, palatino, serif; font-size: 18pt; color: #000000;">Le <strong>collectif Aiôn</strong> s&rsquo;est ainsi formé à partir de ce programme et s&rsquo;en fait le relai. </span><span style="font-family: book antiqua, palatino, serif; font-size: 18pt; color: #000000;">À partir d’une approche pluridisciplinaire, il se donne pour mission de produire une réflexion scientifique autour des mécanismes de création et d’utilisation des imaginaires du temps en jeu lors de diverses situations ludiques, sportives ou culturelles, en particulier lorsque celles-ci relèvent du champ des sous-cultures ou des contre-cultures. </span></p>
<p style="text-align: justify;"><span style="font-family: book antiqua, palatino, serif; font-size: 18pt; color: #000000;">Les travaux menés au sein du programme Aiôn et par son collectif se déclinent en publications académiques, séminaires et colloques, mais tendent aussi à aller à la rencontre du grand public, par le biais de manifestations de vulgarisation scientifique. Dans cet ordre d&rsquo;idée, une attention est portée à la publication des résultats en libre accès.</span></p>
<p class="has-text-color has-drop-cap has-medium-font-size has-very-dark-gray-color" style="text-align: justify;"><span style="font-family: book antiqua, palatino, serif; font-size: 18pt; color: #000000;"><!-- /wp:post-content -->

<!-- wp:image {"id":266,"align":"center"} --></span></p>
<p class="has-text-color has-drop-cap has-medium-font-size has-very-dark-gray-color" style="text-align: justify;"><span style="font-family: book antiqua, palatino, serif; font-size: 18pt; color: #000000;"><!-- /wp:image -->

<!-- wp:paragraph --></span></p>
<p style="text-align: justify;"><span style="font-size: 18pt; color: #000000; font-family: book antiqua, palatino, serif;"> </span></p>
<p class="has-text-color has-drop-cap has-medium-font-size has-very-dark-gray-color"><span style="color: #000000; font-family: book antiqua, palatino, serif; font-size: 18pt;"><!-- /wp:paragraph -->

<!-- wp:paragraph {"align":"center"} --></span></p>
<p style="text-align: center;"><span style="font-size: 14pt; color: #000000; font-family: book antiqua, palatino, serif;">Merci à Sidney Grosprêtre pour le logo et à Élodie Durupt pour le dessin !</span></p>
<p class="has-text-color has-drop-cap has-medium-font-size has-very-dark-gray-color"><span style="color: #000000; font-family: book antiqua, palatino, serif; font-size: 18pt;"><!-- /wp:paragraph --></span></p>
<p>&nbsp;</p>

<p>&nbsp; &nbsp; Aiôn est un terme issu de la philosophie antique, désignant le temps cyclique, par opposition à Chronos (le temps physique) et Kairos (le temps métaphysique). Alors que nos sociétés contemporaines fonctionnent selon le modèle d’un temps unidirectionnel (Chronos), l&rsquo;enjeu de ce programme de recherche est de porter une attention spécifique aux temps de [&hellip;]</p>
