{"id":1842,"date":"2025-03-03T10:52:32","date_gmt":"2025-03-03T10:52:32","guid":{"rendered":"https:\/\/aion-project.org\/blog\/?page_id=1842"},"modified":"2025-12-08T13:58:03","modified_gmt":"2025-12-08T13:58:03","slug":"faire-corps-avec-le-passe-exposer-lhistoire-par-les-pratiques-corporelles","status":"publish","type":"page","link":"https:\/\/aion-project.org\/blog\/?page_id=1842","title":{"rendered":"Faire corps avec le pass\u00e9\u00a0: exposer l\u2019Histoire par les pratiques corporelles"},"content":{"rendered":"<p><span style=\"font-family: book antiqua, palatino, serif;\">Dans la continuit\u00e9 des colloques d\u00e9j\u00e0 conduits \u00e0 Autun qui ont mis l\u2019accent sur les processus d\u2019\u00e9vasion au Moyen \u00c2ge (2021) ou l\u2019usage du langage dans les r\u00e9ceptions contemporaines du pass\u00e9 (2023), il s\u2019agit d\u00e9sormais de porter le regard du c\u00f4t\u00e9 des rapports au corps (activit\u00e9s physiques, pratiques hygi\u00e9nistes et de soin, etc.) qui permettent d\u2019appr\u00e9hender des \u00e9poques r\u00e9volues.<br \/>\n<\/span><\/p>\n<p><img loading=\"lazy\" decoding=\"async\" class=\"size-full wp-image-1878 aligncenter\" src=\"https:\/\/aion-project.org\/blog\/wp-content\/uploads\/2025\/09\/Capture-decran-du-2025-09-17-12-15-07.png\" alt=\"\" width=\"701\" height=\"1016\" srcset=\"https:\/\/aion-project.org\/blog\/wp-content\/uploads\/2025\/09\/Capture-decran-du-2025-09-17-12-15-07.png 701w, https:\/\/aion-project.org\/blog\/wp-content\/uploads\/2025\/09\/Capture-decran-du-2025-09-17-12-15-07-207x300.png 207w\" sizes=\"auto, (max-width: 701px) 100vw, 701px\" \/><\/p>\n<p><strong><span style=\"font-family: book antiqua, palatino, serif;\">Ce colloque s&rsquo;est tenu \u00e0 Autun (Bourgogne), les 4 et 5 d\u00e9cembre 2025. Le programme <a href=\"https:\/\/aion-project.org\/blog\/wp-content\/uploads\/2025\/09\/Programme-fairecorpsVF.pdf\" target=\"_blank\" rel=\"noopener\">ici<\/a>.\u00a0<\/span><\/strong><\/p>\n<p><span style=\"font-family: book antiqua, palatino, serif;\">Durant ces journ\u00e9es, il s\u2019agit de questionner les diff\u00e9rentes mani\u00e8res de raconter, de donner \u00e0 voir et d\u2019exp\u00e9rimenter l\u2019Histoire aujourd\u2019hui, sous l\u2019angle sp\u00e9cifique des pratiques corporelles. Pour ce faire, il est possible de s\u2019int\u00e9resser aussi bien aux re-cr\u00e9ations (reconstitutions martiales, artistiques ou artisanales, mais aussi r\u00e9appropriations du pass\u00e9 dans les pratiques sportives ou activit\u00e9s physiques) qu\u2019aux productions (trans)m\u00e9diatiques (s\u00e9ries, romans, jeux, etc.) qui mettent en sc\u00e8ne diff\u00e9rentes \u00e9poques de l\u2019Histoire par le prisme sp\u00e9cifique des usages du corps<\/span><span style=\"font-family: book antiqua, palatino, serif; font-size: 12pt;\">.\u00a0<\/span><\/p>\n<p style=\"text-align: justify;\"><span style=\"font-family: book antiqua, palatino, serif;\">Quelques photographies de l&rsquo;\u00e9v\u00e9nement.\u00a0<\/span><\/p>\n<p style=\"text-align: justify;\"><span style=\"font-family: book antiqua, palatino, serif; font-size: 12pt;\">Le <strong>spectacle cont\u00e9 Herakl\u00e8s<\/strong>, par Matthieu Epp et la Compagnie Rebonds d&rsquo;Histoires :<\/span><\/p>\n<p><img loading=\"lazy\" decoding=\"async\" class=\"size-large wp-image-1896 aligncenter\" src=\"https:\/\/aion-project.org\/blog\/wp-content\/uploads\/2025\/12\/Herakles-1024x768.jpg\" alt=\"\" width=\"525\" height=\"394\" srcset=\"https:\/\/aion-project.org\/blog\/wp-content\/uploads\/2025\/12\/Herakles-1024x768.jpg 1024w, https:\/\/aion-project.org\/blog\/wp-content\/uploads\/2025\/12\/Herakles-300x225.jpg 300w, https:\/\/aion-project.org\/blog\/wp-content\/uploads\/2025\/12\/Herakles-768x576.jpg 768w, https:\/\/aion-project.org\/blog\/wp-content\/uploads\/2025\/12\/Herakles-1536x1152.jpg 1536w, https:\/\/aion-project.org\/blog\/wp-content\/uploads\/2025\/12\/Herakles.jpg 1600w\" sizes=\"auto, (max-width: 525px) 100vw, 525px\" \/> <img loading=\"lazy\" decoding=\"async\" class=\"size-large wp-image-1897 aligncenter\" src=\"https:\/\/aion-project.org\/blog\/wp-content\/uploads\/2025\/12\/Herakles2-1024x768.jpg\" alt=\"\" width=\"525\" height=\"394\" srcset=\"https:\/\/aion-project.org\/blog\/wp-content\/uploads\/2025\/12\/Herakles2-1024x768.jpg 1024w, https:\/\/aion-project.org\/blog\/wp-content\/uploads\/2025\/12\/Herakles2-300x225.jpg 300w, https:\/\/aion-project.org\/blog\/wp-content\/uploads\/2025\/12\/Herakles2-768x576.jpg 768w, https:\/\/aion-project.org\/blog\/wp-content\/uploads\/2025\/12\/Herakles2-1536x1152.jpg 1536w, https:\/\/aion-project.org\/blog\/wp-content\/uploads\/2025\/12\/Herakles2.jpg 1600w\" sizes=\"auto, (max-width: 525px) 100vw, 525px\" \/><\/p>\n<p style=\"text-align: justify;\"><span style=\"font-family: book antiqua, palatino, serif; font-size: 12pt;\">Une <strong>pr\u00e9sentation des Arts martiaux historiques europ\u00e9ens<\/strong>, par l&rsquo;association <a href=\"http:\/\/www.detailleetdestoc.com\/\" target=\"_blank\" rel=\"noopener\">De Taille et d&rsquo;Estoc<\/a> :<\/span><\/p>\n<p><img loading=\"lazy\" decoding=\"async\" class=\"size-large wp-image-1898 aligncenter\" src=\"https:\/\/aion-project.org\/blog\/wp-content\/uploads\/2025\/12\/DTE2-1024x768.jpg\" alt=\"\" width=\"525\" height=\"394\" srcset=\"https:\/\/aion-project.org\/blog\/wp-content\/uploads\/2025\/12\/DTE2-1024x768.jpg 1024w, https:\/\/aion-project.org\/blog\/wp-content\/uploads\/2025\/12\/DTE2-300x225.jpg 300w, https:\/\/aion-project.org\/blog\/wp-content\/uploads\/2025\/12\/DTE2-768x576.jpg 768w, https:\/\/aion-project.org\/blog\/wp-content\/uploads\/2025\/12\/DTE2.jpg 1131w\" sizes=\"auto, (max-width: 525px) 100vw, 525px\" \/><\/p>\n<p><span style=\"font-family: book antiqua, palatino, serif;\"><strong>L&rsquo;appel \u00e0 communications est disponible <a href=\"https:\/\/aion-project.org\/blog\/wp-content\/uploads\/2025\/03\/AAC-fairecorpsaveclepasse.pdf\" target=\"_blank\" rel=\"noopener\">ici<\/a>. <\/strong><\/span><\/p>\n","protected":false},"excerpt":{"rendered":"<p>Dans la continuit\u00e9 des colloques d\u00e9j\u00e0 conduits \u00e0 Autun qui ont mis l\u2019accent sur les processus d\u2019\u00e9vasion au Moyen \u00c2ge (2021) ou l\u2019usage du langage dans les r\u00e9ceptions contemporaines du pass\u00e9 (2023), il s\u2019agit d\u00e9sormais de porter le regard du c\u00f4t\u00e9 des rapports au corps (activit\u00e9s physiques, pratiques hygi\u00e9nistes et de soin, etc.) qui permettent [&hellip;]<\/p>\n","protected":false},"author":1,"featured_media":0,"parent":22,"menu_order":0,"comment_status":"closed","ping_status":"closed","template":"","meta":{"footnotes":""},"class_list":["post-1842","page","type-page","status-publish","hentry"],"_links":{"self":[{"href":"https:\/\/aion-project.org\/blog\/index.php?rest_route=\/wp\/v2\/pages\/1842","targetHints":{"allow":["GET"]}}],"collection":[{"href":"https:\/\/aion-project.org\/blog\/index.php?rest_route=\/wp\/v2\/pages"}],"about":[{"href":"https:\/\/aion-project.org\/blog\/index.php?rest_route=\/wp\/v2\/types\/page"}],"author":[{"embeddable":true,"href":"https:\/\/aion-project.org\/blog\/index.php?rest_route=\/wp\/v2\/users\/1"}],"replies":[{"embeddable":true,"href":"https:\/\/aion-project.org\/blog\/index.php?rest_route=%2Fwp%2Fv2%2Fcomments&post=1842"}],"version-history":[{"count":7,"href":"https:\/\/aion-project.org\/blog\/index.php?rest_route=\/wp\/v2\/pages\/1842\/revisions"}],"predecessor-version":[{"id":1900,"href":"https:\/\/aion-project.org\/blog\/index.php?rest_route=\/wp\/v2\/pages\/1842\/revisions\/1900"}],"up":[{"embeddable":true,"href":"https:\/\/aion-project.org\/blog\/index.php?rest_route=\/wp\/v2\/pages\/22"}],"wp:attachment":[{"href":"https:\/\/aion-project.org\/blog\/index.php?rest_route=%2Fwp%2Fv2%2Fmedia&parent=1842"}],"curies":[{"name":"wp","href":"https:\/\/api.w.org\/{rel}","templated":true}]}}

Faire corps avec le passé : exposer l’Histoire par les pratiques corporelles

<p><span style="font-family: book antiqua, palatino, serif;">Dans la continuité des colloques déjà conduits à Autun qui ont mis l’accent sur les processus d’évasion au Moyen Âge (2021) ou l’usage du langage dans les réceptions contemporaines du passé (2023), il s’agit désormais de porter le regard du côté des rapports au corps (activités physiques, pratiques hygiénistes et de soin, etc.) qui permettent d’appréhender des époques révolues.<br />
</span></p>
<p><img loading="lazy" decoding="async" class="size-full wp-image-1878 aligncenter" src="https://aion-project.org/blog/wp-content/uploads/2025/09/Capture-decran-du-2025-09-17-12-15-07.png" alt="" width="701" height="1016" srcset="https://aion-project.org/blog/wp-content/uploads/2025/09/Capture-decran-du-2025-09-17-12-15-07.png 701w, https://aion-project.org/blog/wp-content/uploads/2025/09/Capture-decran-du-2025-09-17-12-15-07-207x300.png 207w" sizes="auto, (max-width: 701px) 100vw, 701px" /></p>
<p><strong><span style="font-family: book antiqua, palatino, serif;">Ce colloque s&rsquo;est tenu à Autun (Bourgogne), les 4 et 5 décembre 2025. Le programme <a href="https://aion-project.org/blog/wp-content/uploads/2025/09/Programme-fairecorpsVF.pdf" target="_blank" rel="noopener">ici</a>. </span></strong></p>
<p><span style="font-family: book antiqua, palatino, serif;">Durant ces journées, il s’agit de questionner les différentes manières de raconter, de donner à voir et d’expérimenter l’Histoire aujourd’hui, sous l’angle spécifique des pratiques corporelles. Pour ce faire, il est possible de s’intéresser aussi bien aux re-créations (reconstitutions martiales, artistiques ou artisanales, mais aussi réappropriations du passé dans les pratiques sportives ou activités physiques) qu’aux productions (trans)médiatiques (séries, romans, jeux, etc.) qui mettent en scène différentes époques de l’Histoire par le prisme spécifique des usages du corps</span><span style="font-family: book antiqua, palatino, serif; font-size: 12pt;">. </span></p>
<p style="text-align: justify;"><span style="font-family: book antiqua, palatino, serif;">Quelques photographies de l&rsquo;événement. </span></p>
<p style="text-align: justify;"><span style="font-family: book antiqua, palatino, serif; font-size: 12pt;">Le <strong>spectacle conté Heraklès</strong>, par Matthieu Epp et la Compagnie Rebonds d&rsquo;Histoires :</span></p>
<p><img loading="lazy" decoding="async" class="size-large wp-image-1896 aligncenter" src="https://aion-project.org/blog/wp-content/uploads/2025/12/Herakles-1024x768.jpg" alt="" width="525" height="394" srcset="https://aion-project.org/blog/wp-content/uploads/2025/12/Herakles-1024x768.jpg 1024w, https://aion-project.org/blog/wp-content/uploads/2025/12/Herakles-300x225.jpg 300w, https://aion-project.org/blog/wp-content/uploads/2025/12/Herakles-768x576.jpg 768w, https://aion-project.org/blog/wp-content/uploads/2025/12/Herakles-1536x1152.jpg 1536w, https://aion-project.org/blog/wp-content/uploads/2025/12/Herakles.jpg 1600w" sizes="auto, (max-width: 525px) 100vw, 525px" /> <img loading="lazy" decoding="async" class="size-large wp-image-1897 aligncenter" src="https://aion-project.org/blog/wp-content/uploads/2025/12/Herakles2-1024x768.jpg" alt="" width="525" height="394" srcset="https://aion-project.org/blog/wp-content/uploads/2025/12/Herakles2-1024x768.jpg 1024w, https://aion-project.org/blog/wp-content/uploads/2025/12/Herakles2-300x225.jpg 300w, https://aion-project.org/blog/wp-content/uploads/2025/12/Herakles2-768x576.jpg 768w, https://aion-project.org/blog/wp-content/uploads/2025/12/Herakles2-1536x1152.jpg 1536w, https://aion-project.org/blog/wp-content/uploads/2025/12/Herakles2.jpg 1600w" sizes="auto, (max-width: 525px) 100vw, 525px" /></p>
<p style="text-align: justify;"><span style="font-family: book antiqua, palatino, serif; font-size: 12pt;">Une <strong>présentation des Arts martiaux historiques européens</strong>, par l&rsquo;association <a href="http://www.detailleetdestoc.com/" target="_blank" rel="noopener">De Taille et d&rsquo;Estoc</a> :</span></p>
<p><img loading="lazy" decoding="async" class="size-large wp-image-1898 aligncenter" src="https://aion-project.org/blog/wp-content/uploads/2025/12/DTE2-1024x768.jpg" alt="" width="525" height="394" srcset="https://aion-project.org/blog/wp-content/uploads/2025/12/DTE2-1024x768.jpg 1024w, https://aion-project.org/blog/wp-content/uploads/2025/12/DTE2-300x225.jpg 300w, https://aion-project.org/blog/wp-content/uploads/2025/12/DTE2-768x576.jpg 768w, https://aion-project.org/blog/wp-content/uploads/2025/12/DTE2.jpg 1131w" sizes="auto, (max-width: 525px) 100vw, 525px" /></p>
<p><span style="font-family: book antiqua, palatino, serif;"><strong>L&rsquo;appel à communications est disponible <a href="https://aion-project.org/blog/wp-content/uploads/2025/03/AAC-fairecorpsaveclepasse.pdf" target="_blank" rel="noopener">ici</a>. </strong></span></p>

<p>Dans la continuité des colloques déjà conduits à Autun qui ont mis l’accent sur les processus d’évasion au Moyen Âge (2021) ou l’usage du langage dans les réceptions contemporaines du passé (2023), il s’agit désormais de porter le regard du côté des rapports au corps (activités physiques, pratiques hygiénistes et de soin, etc.) qui permettent [&hellip;]</p>
