{"id":1783,"date":"2024-06-24T08:37:47","date_gmt":"2024-06-24T08:37:47","guid":{"rendered":"https:\/\/aion-project.org\/blog\/?page_id=1783"},"modified":"2024-06-24T08:39:40","modified_gmt":"2024-06-24T08:39:40","slug":"ecole-dete-medievalismes-engages","status":"publish","type":"page","link":"https:\/\/aion-project.org\/blog\/?page_id=1783","title":{"rendered":"Summer school Engaged medievalisms"},"content":{"rendered":"<p style=\"text-align: justify;\"><span style=\"font-family: book antiqua, palatino, serif; font-size: 18pt;\">Pour cette nouvelle \u00e9dition de l&rsquo;\u00e9cole d&rsquo;\u00e9t\u00e9 de l&rsquo;Universit\u00e9 de Lausanne autour du m\u00e9di\u00e9valisme (du 24 au 27 juin 2024) , la question trait\u00e9e est celles des engagements.\u00a0<\/span><\/p>\n<p style=\"text-align: justify;\"><span style=\"font-family: book antiqua, palatino, serif; font-size: 18pt;\">Dans ce cadre, outre des communications, des membres d&rsquo;Ai\u00f4n (Justine Breton et Audrey Tuaillon Dem\u00e9sy) proposent un <em>Medieval Lab : \u00abIllegitimate\u00bb Medieval Subjects at University.<\/em><\/span><\/p>\n<p style=\"text-align: center;\"><span style=\"font-family: book antiqua, palatino, serif; font-size: 18pt;\"><a href=\"https:\/\/aion-project.org\/blog\/wp-content\/uploads\/2024\/06\/Program-Summer-School-2024.pdf\">Program Summer School 2024<\/a><\/span><\/p>\n<p style=\"text-align: justify;\"><span style=\"font-family: book antiqua, palatino, serif; font-size: 18pt;\"><img loading=\"lazy\" decoding=\"async\" class=\"size-large wp-image-1785 aligncenter\" src=\"https:\/\/aion-project.org\/blog\/wp-content\/uploads\/2024\/06\/Capture-decran-du-2024-06-24-10-36-50-720x1024.png\" alt=\"\" width=\"525\" height=\"747\" srcset=\"https:\/\/aion-project.org\/blog\/wp-content\/uploads\/2024\/06\/Capture-decran-du-2024-06-24-10-36-50-720x1024.png 720w, https:\/\/aion-project.org\/blog\/wp-content\/uploads\/2024\/06\/Capture-decran-du-2024-06-24-10-36-50-211x300.png 211w, https:\/\/aion-project.org\/blog\/wp-content\/uploads\/2024\/06\/Capture-decran-du-2024-06-24-10-36-50.png 764w\" sizes=\"auto, (max-width: 525px) 100vw, 525px\" \/><\/span><\/p>\n<p style=\"text-align: justify;\">\n","protected":false},"excerpt":{"rendered":"<p>Pour cette nouvelle \u00e9dition de l&rsquo;\u00e9cole d&rsquo;\u00e9t\u00e9 de l&rsquo;Universit\u00e9 de Lausanne autour du m\u00e9di\u00e9valisme (du 24 au 27 juin 2024) , la question trait\u00e9e est celles des engagements.\u00a0 Dans ce cadre, outre des communications, des membres d&rsquo;Ai\u00f4n (Justine Breton et Audrey Tuaillon Dem\u00e9sy) proposent un Medieval Lab : \u00abIllegitimate\u00bb Medieval Subjects at University. Program Summer [&hellip;]<\/p>\n","protected":false},"author":1,"featured_media":0,"parent":450,"menu_order":0,"comment_status":"closed","ping_status":"closed","template":"","meta":{"footnotes":""},"class_list":["post-1783","page","type-page","status-publish","hentry"],"_links":{"self":[{"href":"https:\/\/aion-project.org\/blog\/index.php?rest_route=\/wp\/v2\/pages\/1783","targetHints":{"allow":["GET"]}}],"collection":[{"href":"https:\/\/aion-project.org\/blog\/index.php?rest_route=\/wp\/v2\/pages"}],"about":[{"href":"https:\/\/aion-project.org\/blog\/index.php?rest_route=\/wp\/v2\/types\/page"}],"author":[{"embeddable":true,"href":"https:\/\/aion-project.org\/blog\/index.php?rest_route=\/wp\/v2\/users\/1"}],"replies":[{"embeddable":true,"href":"https:\/\/aion-project.org\/blog\/index.php?rest_route=%2Fwp%2Fv2%2Fcomments&post=1783"}],"version-history":[{"count":3,"href":"https:\/\/aion-project.org\/blog\/index.php?rest_route=\/wp\/v2\/pages\/1783\/revisions"}],"predecessor-version":[{"id":1788,"href":"https:\/\/aion-project.org\/blog\/index.php?rest_route=\/wp\/v2\/pages\/1783\/revisions\/1788"}],"up":[{"embeddable":true,"href":"https:\/\/aion-project.org\/blog\/index.php?rest_route=\/wp\/v2\/pages\/450"}],"wp:attachment":[{"href":"https:\/\/aion-project.org\/blog\/index.php?rest_route=%2Fwp%2Fv2%2Fmedia&parent=1783"}],"curies":[{"name":"wp","href":"https:\/\/api.w.org\/{rel}","templated":true}]}}

<p style="text-align: justify;"><span style="font-family: book antiqua, palatino, serif; font-size: 18pt;">Pour cette nouvelle édition de l&rsquo;école d&rsquo;été de l&rsquo;Université de Lausanne autour du médiévalisme (du 24 au 27 juin 2024) , la question traitée est celles des engagements. </span></p>
<p style="text-align: justify;"><span style="font-family: book antiqua, palatino, serif; font-size: 18pt;">Dans ce cadre, outre des communications, des membres d&rsquo;Aiôn (Justine Breton et Audrey Tuaillon Demésy) proposent un <em>Medieval Lab : «Illegitimate» Medieval Subjects at University.</em></span></p>
<p style="text-align: center;"><span style="font-family: book antiqua, palatino, serif; font-size: 18pt;"><a href="https://aion-project.org/blog/wp-content/uploads/2024/06/Program-Summer-School-2024.pdf">Program Summer School 2024</a></span></p>
<p style="text-align: justify;"><span style="font-family: book antiqua, palatino, serif; font-size: 18pt;"><img loading="lazy" decoding="async" class="size-large wp-image-1785 aligncenter" src="https://aion-project.org/blog/wp-content/uploads/2024/06/Capture-decran-du-2024-06-24-10-36-50-720x1024.png" alt="" width="525" height="747" srcset="https://aion-project.org/blog/wp-content/uploads/2024/06/Capture-decran-du-2024-06-24-10-36-50-720x1024.png 720w, https://aion-project.org/blog/wp-content/uploads/2024/06/Capture-decran-du-2024-06-24-10-36-50-211x300.png 211w, https://aion-project.org/blog/wp-content/uploads/2024/06/Capture-decran-du-2024-06-24-10-36-50.png 764w" sizes="auto, (max-width: 525px) 100vw, 525px" /></span></p>
<p style="text-align: justify;">

<p>Pour cette nouvelle édition de l&rsquo;école d&rsquo;été de l&rsquo;Université de Lausanne autour du médiévalisme (du 24 au 27 juin 2024) , la question traitée est celles des engagements.  Dans ce cadre, outre des communications, des membres d&rsquo;Aiôn (Justine Breton et Audrey Tuaillon Demésy) proposent un Medieval Lab : «Illegitimate» Medieval Subjects at University. Program Summer [&hellip;]</p>
