{"id":1775,"date":"2024-06-24T08:23:02","date_gmt":"2024-06-24T08:23:02","guid":{"rendered":"https:\/\/aion-project.org\/blog\/?page_id=1775"},"modified":"2024-08-29T08:12:58","modified_gmt":"2024-08-29T08:12:58","slug":"rencontres-aion","status":"publish","type":"page","link":"https:\/\/aion-project.org\/blog\/?page_id=1775","title":{"rendered":"Rencontres Ai\u00f4n 2-7\/06\/24"},"content":{"rendered":"<p><span style=\"font-family: book antiqua, palatino, serif; font-size: 18pt;\">Du 2 au 7 juin 2024, se sont d\u00e9roul\u00e9es les Rencontres Ai\u00f4n : une universit\u00e9 d&rsquo;\u00e9t\u00e9 autour de la th\u00e9matique des imaginaires du temps. <\/span><\/p>\n<p><span style=\"font-family: book antiqua, palatino, serif; font-size: 18pt;\">Au programme : ateliers, conf\u00e9rences, d\u00e9couvertes de pratiques physiques et sportives. \u00c9changes et bonne humeur \u00e9taient \u00e0 l&rsquo;ordre du jour. <\/span><\/p>\n<p><span style=\"font-family: book antiqua, palatino, serif; font-size: 18pt;\">Reportage photographique ici : http:\/\/www.esac-cambrai.net\/k\/aion\/<\/span><\/p>\n<p><span style=\"font-family: book antiqua, palatino, serif; font-size: 18pt;\">Merci \u00e0 tous les participants, et \u00e0 Narcisse pour l&rsquo;accueil ! <\/span><\/p>\n<p><span style=\"font-family: book antiqua, palatino, serif; font-size: 18pt;\"><img decoding=\"async\" class=\"photos\" src=\"http:\/\/www.esac-cambrai.net\/k\/aion\/medias\/DSC_6901.JPG\" \/> <\/span><\/p>\n<p><img loading=\"lazy\" decoding=\"async\" class=\"alignnone size-large wp-image-1776\" src=\"https:\/\/aion-project.org\/blog\/wp-content\/uploads\/2024\/06\/DSC_6917-1024x684.jpg\" alt=\"\" width=\"525\" height=\"351\" srcset=\"https:\/\/aion-project.org\/blog\/wp-content\/uploads\/2024\/06\/DSC_6917-1024x684.jpg 1024w, https:\/\/aion-project.org\/blog\/wp-content\/uploads\/2024\/06\/DSC_6917-300x200.jpg 300w, https:\/\/aion-project.org\/blog\/wp-content\/uploads\/2024\/06\/DSC_6917-768x513.jpg 768w, https:\/\/aion-project.org\/blog\/wp-content\/uploads\/2024\/06\/DSC_6917.jpg 1400w\" sizes=\"auto, (max-width: 525px) 100vw, 525px\" \/> <img loading=\"lazy\" decoding=\"async\" class=\"size-large wp-image-1778 aligncenter\" src=\"https:\/\/aion-project.org\/blog\/wp-content\/uploads\/2024\/06\/DSC_6813-1024x684.jpg\" alt=\"\" width=\"525\" height=\"351\" srcset=\"https:\/\/aion-project.org\/blog\/wp-content\/uploads\/2024\/06\/DSC_6813-1024x684.jpg 1024w, https:\/\/aion-project.org\/blog\/wp-content\/uploads\/2024\/06\/DSC_6813-300x200.jpg 300w, https:\/\/aion-project.org\/blog\/wp-content\/uploads\/2024\/06\/DSC_6813-768x513.jpg 768w, https:\/\/aion-project.org\/blog\/wp-content\/uploads\/2024\/06\/DSC_6813.jpg 1400w\" sizes=\"auto, (max-width: 525px) 100vw, 525px\" \/><\/p>\n<p style=\"text-align: center;\"><em>Photographies : Keyvane Alinaghi<\/em><\/p>\n","protected":false},"excerpt":{"rendered":"<p>Du 2 au 7 juin 2024, se sont d\u00e9roul\u00e9es les Rencontres Ai\u00f4n : une universit\u00e9 d&rsquo;\u00e9t\u00e9 autour de la th\u00e9matique des imaginaires du temps. Au programme : ateliers, conf\u00e9rences, d\u00e9couvertes de pratiques physiques et sportives. \u00c9changes et bonne humeur \u00e9taient \u00e0 l&rsquo;ordre du jour. Reportage photographique ici : http:\/\/www.esac-cambrai.net\/k\/aion\/ Merci \u00e0 tous les participants, et [&hellip;]<\/p>\n","protected":false},"author":1,"featured_media":0,"parent":22,"menu_order":0,"comment_status":"closed","ping_status":"closed","template":"","meta":{"footnotes":""},"class_list":["post-1775","page","type-page","status-publish","hentry"],"_links":{"self":[{"href":"https:\/\/aion-project.org\/blog\/index.php?rest_route=\/wp\/v2\/pages\/1775","targetHints":{"allow":["GET"]}}],"collection":[{"href":"https:\/\/aion-project.org\/blog\/index.php?rest_route=\/wp\/v2\/pages"}],"about":[{"href":"https:\/\/aion-project.org\/blog\/index.php?rest_route=\/wp\/v2\/types\/page"}],"author":[{"embeddable":true,"href":"https:\/\/aion-project.org\/blog\/index.php?rest_route=\/wp\/v2\/users\/1"}],"replies":[{"embeddable":true,"href":"https:\/\/aion-project.org\/blog\/index.php?rest_route=%2Fwp%2Fv2%2Fcomments&post=1775"}],"version-history":[{"count":3,"href":"https:\/\/aion-project.org\/blog\/index.php?rest_route=\/wp\/v2\/pages\/1775\/revisions"}],"predecessor-version":[{"id":1794,"href":"https:\/\/aion-project.org\/blog\/index.php?rest_route=\/wp\/v2\/pages\/1775\/revisions\/1794"}],"up":[{"embeddable":true,"href":"https:\/\/aion-project.org\/blog\/index.php?rest_route=\/wp\/v2\/pages\/22"}],"wp:attachment":[{"href":"https:\/\/aion-project.org\/blog\/index.php?rest_route=%2Fwp%2Fv2%2Fmedia&parent=1775"}],"curies":[{"name":"wp","href":"https:\/\/api.w.org\/{rel}","templated":true}]}}