{"id":1526,"date":"2023-01-23T08:48:22","date_gmt":"2023-01-23T08:48:22","guid":{"rendered":"https:\/\/aion-project.org\/blog\/?page_id=1526"},"modified":"2023-04-27T16:39:10","modified_gmt":"2023-04-27T16:39:10","slug":"appel-a-communications-formes-discursives-evoquer-le-passe-et-repondre-aux-enjeux-contemporains","status":"publish","type":"page","link":"https:\/\/aion-project.org\/blog\/?page_id=1526","title":{"rendered":"Formes discursives. \u00c9voquer le pass\u00e9  et r\u00e9pondre aux enjeux contemporains 27\/04\/23"},"content":{"rendered":"<p style=\"text-align: justify;\"><span style=\"font-family: book antiqua, palatino, serif; font-size: 18pt;\">Ai\u00f4n est partenaire du colloque international \u00ab\u00a0Formes discursives. \u00c9voquer le pass\u00e9 et r\u00e9pondre aux enjeux contemporains\u00a0\u00bb qui se tiendra sous la forme d&rsquo;une vid\u00e9oconf\u00e9rence le 27 avril 2023. <\/span><\/p>\n<p style=\"text-align: center;\"><span style=\"font-family: book antiqua, palatino, serif; font-size: 36pt; color: #993366;\"><a style=\"color: #993366;\" href=\"https:\/\/aion-project.org\/blog\/wp-content\/uploads\/2023\/04\/Programme-Formes-discursives-final.pdf\" target=\"_blank\" rel=\"noopener\">Le programme<\/a><\/span><\/p>\n<p style=\"text-align: center;\"><img loading=\"lazy\" decoding=\"async\" class=\"alignnone size-full wp-image-1600\" src=\"https:\/\/aion-project.org\/blog\/wp-content\/uploads\/2023\/04\/Affiche-franco-roumain-avril2023.png\" alt=\"\" width=\"696\" height=\"904\" srcset=\"https:\/\/aion-project.org\/blog\/wp-content\/uploads\/2023\/04\/Affiche-franco-roumain-avril2023.png 696w, https:\/\/aion-project.org\/blog\/wp-content\/uploads\/2023\/04\/Affiche-franco-roumain-avril2023-231x300.png 231w\" sizes=\"auto, (max-width: 696px) 100vw, 696px\" \/><\/p>\n<p style=\"text-align: center;\"><span style=\"font-family: book antiqua, palatino, serif; font-size: 18pt;\"><span style=\"color: #ff00ff;\">L&rsquo;appel \u00e0 communications est disponible<\/span> <a href=\"https:\/\/aion-project.org\/blog\/wp-content\/uploads\/2023\/01\/Appel-final-Formes-discursives.pdf\" target=\"_blank\" rel=\"noopener\">ici.<\/a><\/span><\/p>\n<p style=\"text-align: center;\"><span style=\"font-family: book antiqua, palatino, serif; font-size: 18pt;\">\u00a0<\/span><\/p>\n<p class=\"western\" lang=\"en-US\" align=\"center\">\n","protected":false},"excerpt":{"rendered":"<p>Ai\u00f4n est partenaire du colloque international \u00ab\u00a0Formes discursives. \u00c9voquer le pass\u00e9 et r\u00e9pondre aux enjeux contemporains\u00a0\u00bb qui se tiendra sous la forme d&rsquo;une vid\u00e9oconf\u00e9rence le 27 avril 2023. Le programme L&rsquo;appel \u00e0 communications est disponible ici. \u00a0<\/p>\n","protected":false},"author":1,"featured_media":0,"parent":450,"menu_order":0,"comment_status":"closed","ping_status":"closed","template":"","meta":{"footnotes":""},"class_list":["post-1526","page","type-page","status-publish","hentry"],"_links":{"self":[{"href":"https:\/\/aion-project.org\/blog\/index.php?rest_route=\/wp\/v2\/pages\/1526","targetHints":{"allow":["GET"]}}],"collection":[{"href":"https:\/\/aion-project.org\/blog\/index.php?rest_route=\/wp\/v2\/pages"}],"about":[{"href":"https:\/\/aion-project.org\/blog\/index.php?rest_route=\/wp\/v2\/types\/page"}],"author":[{"embeddable":true,"href":"https:\/\/aion-project.org\/blog\/index.php?rest_route=\/wp\/v2\/users\/1"}],"replies":[{"embeddable":true,"href":"https:\/\/aion-project.org\/blog\/index.php?rest_route=%2Fwp%2Fv2%2Fcomments&post=1526"}],"version-history":[{"count":8,"href":"https:\/\/aion-project.org\/blog\/index.php?rest_route=\/wp\/v2\/pages\/1526\/revisions"}],"predecessor-version":[{"id":1605,"href":"https:\/\/aion-project.org\/blog\/index.php?rest_route=\/wp\/v2\/pages\/1526\/revisions\/1605"}],"up":[{"embeddable":true,"href":"https:\/\/aion-project.org\/blog\/index.php?rest_route=\/wp\/v2\/pages\/450"}],"wp:attachment":[{"href":"https:\/\/aion-project.org\/blog\/index.php?rest_route=%2Fwp%2Fv2%2Fmedia&parent=1526"}],"curies":[{"name":"wp","href":"https:\/\/api.w.org\/{rel}","templated":true}]}}

Formes discursives. Évoquer le passé  et répondre aux enjeux contemporains 27/04/23

<p style="text-align: justify;"><span style="font-family: book antiqua, palatino, serif; font-size: 18pt;">Aiôn est partenaire du colloque international « Formes discursives. Évoquer le passé et répondre aux enjeux contemporains » qui se tiendra sous la forme d&rsquo;une vidéoconférence le 27 avril 2023. </span></p>
<p style="text-align: center;"><span style="font-family: book antiqua, palatino, serif; font-size: 36pt; color: #993366;"><a style="color: #993366;" href="https://aion-project.org/blog/wp-content/uploads/2023/04/Programme-Formes-discursives-final.pdf" target="_blank" rel="noopener">Le programme</a></span></p>
<p style="text-align: center;"><img loading="lazy" decoding="async" class="alignnone size-full wp-image-1600" src="https://aion-project.org/blog/wp-content/uploads/2023/04/Affiche-franco-roumain-avril2023.png" alt="" width="696" height="904" srcset="https://aion-project.org/blog/wp-content/uploads/2023/04/Affiche-franco-roumain-avril2023.png 696w, https://aion-project.org/blog/wp-content/uploads/2023/04/Affiche-franco-roumain-avril2023-231x300.png 231w" sizes="auto, (max-width: 696px) 100vw, 696px" /></p>
<p style="text-align: center;"><span style="font-family: book antiqua, palatino, serif; font-size: 18pt;"><span style="color: #ff00ff;">L&rsquo;appel à communications est disponible</span> <a href="https://aion-project.org/blog/wp-content/uploads/2023/01/Appel-final-Formes-discursives.pdf" target="_blank" rel="noopener">ici.</a></span></p>
<p style="text-align: center;"><span style="font-family: book antiqua, palatino, serif; font-size: 18pt;"> </span></p>
<p class="western" lang="en-US" align="center">

<p>Aiôn est partenaire du colloque international « Formes discursives. Évoquer le passé et répondre aux enjeux contemporains » qui se tiendra sous la forme d&rsquo;une vidéoconférence le 27 avril 2023. Le programme L&rsquo;appel à communications est disponible ici.  </p>
