{"id":1478,"date":"2022-12-23T19:35:59","date_gmt":"2022-12-23T19:35:59","guid":{"rendered":"https:\/\/aion-project.org\/blog\/?page_id=1478"},"modified":"2022-12-23T19:37:47","modified_gmt":"2022-12-23T19:37:47","slug":"sciences-en-bulles","status":"publish","type":"page","link":"https:\/\/aion-project.org\/blog\/?page_id=1478","title":{"rendered":"Sciences en bulles"},"content":{"rendered":"<p style=\"text-align: center;\"><span style=\"font-family: book antiqua, palatino, serif; font-size: 18pt;\"><strong>F\u00e9licitations \u00e0 Orlane Messey, laur\u00e9ate du concours \u00ab\u00a0Sciences en bulles 2023\u00a0\u00bb.<\/strong> <\/span><\/p>\n<p><span style=\"font-family: book antiqua, palatino, serif; font-size: 18pt;\">Son travail, intitul\u00e9<span style=\"color: #993366;\"> \u00ab\u00a0D\u2019une pratique festive et anticonformiste \u00e0 un sport : le roller derby sous le prisme des imaginaires\u00a0\u00bb <\/span>sera prochainement mis en images. <\/span><\/p>\n<p><span style=\"font-family: book antiqua, palatino, serif; font-size: 18pt;\">Plus d&rsquo;informations <a href=\"https:\/\/www.fetedelascience.fr\/sciences-en-bulles-decouvrez-les-10-laureats-de-l-edition-2023\" target=\"_blank\" rel=\"noopener\">ici<\/a>, sur le site de la f\u00eate de la science. <\/span><\/p>\n","protected":false},"excerpt":{"rendered":"<p>F\u00e9licitations \u00e0 Orlane Messey, laur\u00e9ate du concours \u00ab\u00a0Sciences en bulles 2023\u00a0\u00bb. Son travail, intitul\u00e9 \u00ab\u00a0D\u2019une pratique festive et anticonformiste \u00e0 un sport : le roller derby sous le prisme des imaginaires\u00a0\u00bb sera prochainement mis en images. Plus d&rsquo;informations ici, sur le site de la f\u00eate de la science.<\/p>\n","protected":false},"author":1,"featured_media":0,"parent":1144,"menu_order":0,"comment_status":"closed","ping_status":"closed","template":"","meta":{"footnotes":""},"class_list":["post-1478","page","type-page","status-publish","hentry"],"_links":{"self":[{"href":"https:\/\/aion-project.org\/blog\/index.php?rest_route=\/wp\/v2\/pages\/1478","targetHints":{"allow":["GET"]}}],"collection":[{"href":"https:\/\/aion-project.org\/blog\/index.php?rest_route=\/wp\/v2\/pages"}],"about":[{"href":"https:\/\/aion-project.org\/blog\/index.php?rest_route=\/wp\/v2\/types\/page"}],"author":[{"embeddable":true,"href":"https:\/\/aion-project.org\/blog\/index.php?rest_route=\/wp\/v2\/users\/1"}],"replies":[{"embeddable":true,"href":"https:\/\/aion-project.org\/blog\/index.php?rest_route=%2Fwp%2Fv2%2Fcomments&post=1478"}],"version-history":[{"count":5,"href":"https:\/\/aion-project.org\/blog\/index.php?rest_route=\/wp\/v2\/pages\/1478\/revisions"}],"predecessor-version":[{"id":1483,"href":"https:\/\/aion-project.org\/blog\/index.php?rest_route=\/wp\/v2\/pages\/1478\/revisions\/1483"}],"up":[{"embeddable":true,"href":"https:\/\/aion-project.org\/blog\/index.php?rest_route=\/wp\/v2\/pages\/1144"}],"wp:attachment":[{"href":"https:\/\/aion-project.org\/blog\/index.php?rest_route=%2Fwp%2Fv2%2Fmedia&parent=1478"}],"curies":[{"name":"wp","href":"https:\/\/api.w.org\/{rel}","templated":true}]}}