{"id":1427,"date":"2022-07-09T08:45:27","date_gmt":"2022-07-09T08:45:27","guid":{"rendered":"https:\/\/aion-project.org\/blog\/?page_id=1427"},"modified":"2022-07-09T08:49:22","modified_gmt":"2022-07-09T08:49:22","slug":"imaginaires-du-temps","status":"publish","type":"page","link":"https:\/\/aion-project.org\/blog\/?page_id=1427","title":{"rendered":"Imaginaires du temps"},"content":{"rendered":"<p style=\"text-align: center;\"><span style=\"font-size: 24pt; font-family: book antiqua, palatino, serif; color: #d12e2e;\">Imaginaires du temps. Religion, politique, loisirs<\/span><\/p>\n<p style=\"text-align: justify;\"><img loading=\"lazy\" decoding=\"async\" class=\"aligncenter\" title=\"Imaginaires du temps\" draggable=\"false\" src=\"https:\/\/www.editions-harmattan.fr\/catalogue\/couv\/b\/9782336319179b.jpg\" alt=\"Couverture Imaginaires du temps\" width=\"339\" height=\"516\" \/><\/p>\n<p style=\"text-align: justify;\"><span style=\"font-size: 18pt; font-family: book antiqua, palatino, serif;\">Cet ouvrage, publi\u00e9 en 2022 sous la direction d&rsquo;Alfonsina Bellio, Inga Kuzma et Audrey Tuaillon Dem\u00e9sy fait suite au colloque du r\u00e9seau<span style=\"color: #ad2f2f;\"> <a style=\"color: #ad2f2f;\" href=\"http:\/\/eurethno.altervista.org\/FR\/default.php\">FER-Eurethno<\/a> <\/span>qui s&rsquo;est tenu en distanciel et \u00e0 Lodz (Pologne) en juin 2020. Ai\u00f4n est partenaire de cette publication collective. Plus d&rsquo;informations <span style=\"color: #cf2d2d;\"><a style=\"color: #cf2d2d;\" href=\"https:\/\/www.editions-harmattan.fr\/livre-imaginaires_du_temps-9782336319179-72942.html\">ici<\/a>.<\/span><br \/>\n<\/span><\/p>\n<p>&nbsp;<\/p>\n","protected":false},"excerpt":{"rendered":"<p>Imaginaires du temps. Religion, politique, loisirs Cet ouvrage, publi\u00e9 en 2022 sous la direction d&rsquo;Alfonsina Bellio, Inga Kuzma et Audrey Tuaillon Dem\u00e9sy fait suite au colloque du r\u00e9seau FER-Eurethno qui s&rsquo;est tenu en distanciel et \u00e0 Lodz (Pologne) en juin 2020. Ai\u00f4n est partenaire de cette publication collective. Plus d&rsquo;informations ici. &nbsp;<\/p>\n","protected":false},"author":1,"featured_media":0,"parent":20,"menu_order":0,"comment_status":"closed","ping_status":"closed","template":"","meta":{"footnotes":""},"class_list":["post-1427","page","type-page","status-publish","hentry"],"_links":{"self":[{"href":"https:\/\/aion-project.org\/blog\/index.php?rest_route=\/wp\/v2\/pages\/1427","targetHints":{"allow":["GET"]}}],"collection":[{"href":"https:\/\/aion-project.org\/blog\/index.php?rest_route=\/wp\/v2\/pages"}],"about":[{"href":"https:\/\/aion-project.org\/blog\/index.php?rest_route=\/wp\/v2\/types\/page"}],"author":[{"embeddable":true,"href":"https:\/\/aion-project.org\/blog\/index.php?rest_route=\/wp\/v2\/users\/1"}],"replies":[{"embeddable":true,"href":"https:\/\/aion-project.org\/blog\/index.php?rest_route=%2Fwp%2Fv2%2Fcomments&post=1427"}],"version-history":[{"count":6,"href":"https:\/\/aion-project.org\/blog\/index.php?rest_route=\/wp\/v2\/pages\/1427\/revisions"}],"predecessor-version":[{"id":1434,"href":"https:\/\/aion-project.org\/blog\/index.php?rest_route=\/wp\/v2\/pages\/1427\/revisions\/1434"}],"up":[{"embeddable":true,"href":"https:\/\/aion-project.org\/blog\/index.php?rest_route=\/wp\/v2\/pages\/20"}],"wp:attachment":[{"href":"https:\/\/aion-project.org\/blog\/index.php?rest_route=%2Fwp%2Fv2%2Fmedia&parent=1427"}],"curies":[{"name":"wp","href":"https:\/\/api.w.org\/{rel}","templated":true}]}}

<p style="text-align: center;"><span style="font-size: 24pt; font-family: book antiqua, palatino, serif; color: #d12e2e;">Imaginaires du temps. Religion, politique, loisirs</span></p>
<p style="text-align: justify;"><img loading="lazy" decoding="async" class="aligncenter" title="Imaginaires du temps" draggable="false" src="https://www.editions-harmattan.fr/catalogue/couv/b/9782336319179b.jpg" alt="Couverture Imaginaires du temps" width="339" height="516" /></p>
<p style="text-align: justify;"><span style="font-size: 18pt; font-family: book antiqua, palatino, serif;">Cet ouvrage, publié en 2022 sous la direction d&rsquo;Alfonsina Bellio, Inga Kuzma et Audrey Tuaillon Demésy fait suite au colloque du réseau<span style="color: #ad2f2f;"> <a style="color: #ad2f2f;" href="http://eurethno.altervista.org/FR/default.php">FER-Eurethno</a> </span>qui s&rsquo;est tenu en distanciel et à Lodz (Pologne) en juin 2020. Aiôn est partenaire de cette publication collective. Plus d&rsquo;informations <span style="color: #cf2d2d;"><a style="color: #cf2d2d;" href="https://www.editions-harmattan.fr/livre-imaginaires_du_temps-9782336319179-72942.html">ici</a>.</span><br />
</span></p>
<p>&nbsp;</p>

<p>Imaginaires du temps. Religion, politique, loisirs Cet ouvrage, publié en 2022 sous la direction d&rsquo;Alfonsina Bellio, Inga Kuzma et Audrey Tuaillon Demésy fait suite au colloque du réseau FER-Eurethno qui s&rsquo;est tenu en distanciel et à Lodz (Pologne) en juin 2020. Aiôn est partenaire de cette publication collective. Plus d&rsquo;informations ici. &nbsp;</p>
