{"id":1401,"date":"2022-04-22T15:46:38","date_gmt":"2022-04-22T15:46:38","guid":{"rendered":"https:\/\/aion-project.org\/blog\/?page_id=1401"},"modified":"2022-10-01T10:30:24","modified_gmt":"2022-10-01T10:30:24","slug":"cetait-mieux-avant","status":"publish","type":"page","link":"https:\/\/aion-project.org\/blog\/?page_id=1401","title":{"rendered":"C&rsquo;\u00e9tait mieux avant ? 8-9\/10\/22"},"content":{"rendered":"<h1 style=\"text-align: center;\"><span style=\"font-size: 24pt; color: #993300;\"><span style=\"font-family: book antiqua, palatino, serif;\"><strong>Colloque <\/strong><\/span><span style=\"font-family: book antiqua, palatino, serif;\"><strong>\u201cC&rsquo;\u00e9tait mieux avant ?\u201d<br \/>\n<\/strong><\/span><\/span><\/h1>\n<h1 style=\"text-align: center;\"><span style=\"font-size: 18pt;\"><span style=\"font-family: book antiqua, palatino, serif;\"><strong>Chazey-sur-Ain, 8 et 9 octobre 2022.<\/strong><\/span><\/span><\/h1>\n<p align=\"center\"><span style=\"font-family: book antiqua, palatino, serif; font-size: 18pt;\">Coordonn\u00e9 par No\u00e9mie Budin<\/span><\/p>\n<p style=\"text-align: center;\"><span style=\"font-family: book antiqua, palatino, serif; font-size: 18pt;\">Ce colloque est organis\u00e9 dans le cadre de Fest\u2019Ain d\u2019Histoire, festival historique multi-\u00e9poque et de l\u2019ANR Ai\u00f4n. <\/span><\/p>\n<p style=\"text-align: center;\"><span style=\"font-size: 24pt; color: #993300; font-family: book antiqua, palatino, serif;\"><a style=\"color: #993300;\" href=\"https:\/\/aion-project.org\/blog\/wp-content\/uploads\/2022\/10\/2022-ProgrammeFADH.pdf\" target=\"_blank\" rel=\"noopener\">Le programme d\u00e9taill\u00e9<br \/>\n<\/a><\/span><\/p>\n<p style=\"text-align: center;\"><span style=\"font-size: 18pt; font-family: book antiqua, palatino, serif;\">La table ronde du dimanche 9 octobre sera diffus\u00e9e en direct <a href=\"https:\/\/www.facebook.com\/events\/3333979216821869\" target=\"_blank\" rel=\"noopener\">ici<\/a><\/span><img loading=\"lazy\" decoding=\"async\" class=\"alignnone wp-image-1458\" src=\"https:\/\/aion-project.org\/blog\/wp-content\/uploads\/2022\/10\/Programme-1.pptx-1024x576.jpg\" alt=\"\" width=\"838\" height=\"471\" srcset=\"https:\/\/aion-project.org\/blog\/wp-content\/uploads\/2022\/10\/Programme-1.pptx-1024x576.jpg 1024w, https:\/\/aion-project.org\/blog\/wp-content\/uploads\/2022\/10\/Programme-1.pptx-300x169.jpg 300w, https:\/\/aion-project.org\/blog\/wp-content\/uploads\/2022\/10\/Programme-1.pptx-768x432.jpg 768w, https:\/\/aion-project.org\/blog\/wp-content\/uploads\/2022\/10\/Programme-1.pptx.jpg 1280w\" sizes=\"auto, (max-width: 838px) 100vw, 838px\" \/><\/p>\n<p>&nbsp;<\/p>\n<p style=\"text-align: center;\"><span style=\"font-family: book antiqua, palatino, serif; font-size: 14pt; color: #333399;\"><a style=\"color: #333399;\" href=\"https:\/\/aion-project.org\/blog\/wp-content\/uploads\/2022\/04\/FADH-AAC-2022.pdf\" target=\"_blank\" rel=\"noopener\">Appel \u00e0 communications<\/a><\/span><\/p>\n","protected":false},"excerpt":{"rendered":"<p>Colloque \u201cC&rsquo;\u00e9tait mieux avant ?\u201d Chazey-sur-Ain, 8 et 9 octobre 2022. Coordonn\u00e9 par No\u00e9mie Budin Ce colloque est organis\u00e9 dans le cadre de Fest\u2019Ain d\u2019Histoire, festival historique multi-\u00e9poque et de l\u2019ANR Ai\u00f4n. Le programme d\u00e9taill\u00e9 La table ronde du dimanche 9 octobre sera diffus\u00e9e en direct ici &nbsp; Appel \u00e0 communications<\/p>\n","protected":false},"author":1,"featured_media":0,"parent":22,"menu_order":0,"comment_status":"closed","ping_status":"closed","template":"","meta":{"footnotes":""},"class_list":["post-1401","page","type-page","status-publish","hentry"],"_links":{"self":[{"href":"https:\/\/aion-project.org\/blog\/index.php?rest_route=\/wp\/v2\/pages\/1401","targetHints":{"allow":["GET"]}}],"collection":[{"href":"https:\/\/aion-project.org\/blog\/index.php?rest_route=\/wp\/v2\/pages"}],"about":[{"href":"https:\/\/aion-project.org\/blog\/index.php?rest_route=\/wp\/v2\/types\/page"}],"author":[{"embeddable":true,"href":"https:\/\/aion-project.org\/blog\/index.php?rest_route=\/wp\/v2\/users\/1"}],"replies":[{"embeddable":true,"href":"https:\/\/aion-project.org\/blog\/index.php?rest_route=%2Fwp%2Fv2%2Fcomments&post=1401"}],"version-history":[{"count":9,"href":"https:\/\/aion-project.org\/blog\/index.php?rest_route=\/wp\/v2\/pages\/1401\/revisions"}],"predecessor-version":[{"id":1462,"href":"https:\/\/aion-project.org\/blog\/index.php?rest_route=\/wp\/v2\/pages\/1401\/revisions\/1462"}],"up":[{"embeddable":true,"href":"https:\/\/aion-project.org\/blog\/index.php?rest_route=\/wp\/v2\/pages\/22"}],"wp:attachment":[{"href":"https:\/\/aion-project.org\/blog\/index.php?rest_route=%2Fwp%2Fv2%2Fmedia&parent=1401"}],"curies":[{"name":"wp","href":"https:\/\/api.w.org\/{rel}","templated":true}]}}

C&rsquo;était mieux avant ? 8-9/10/22

<h1 style="text-align: center;"><span style="font-size: 24pt; color: #993300;"><span style="font-family: book antiqua, palatino, serif;"><strong>Colloque </strong></span><span style="font-family: book antiqua, palatino, serif;"><strong>“C&rsquo;était mieux avant ?”<br />
</strong></span></span></h1>
<h1 style="text-align: center;"><span style="font-size: 18pt;"><span style="font-family: book antiqua, palatino, serif;"><strong>Chazey-sur-Ain, 8 et 9 octobre 2022.</strong></span></span></h1>
<p align="center"><span style="font-family: book antiqua, palatino, serif; font-size: 18pt;">Coordonné par Noémie Budin</span></p>
<p style="text-align: center;"><span style="font-family: book antiqua, palatino, serif; font-size: 18pt;">Ce colloque est organisé dans le cadre de Fest’Ain d’Histoire, festival historique multi-époque et de l’ANR Aiôn. </span></p>
<p style="text-align: center;"><span style="font-size: 24pt; color: #993300; font-family: book antiqua, palatino, serif;"><a style="color: #993300;" href="https://aion-project.org/blog/wp-content/uploads/2022/10/2022-ProgrammeFADH.pdf" target="_blank" rel="noopener">Le programme détaillé<br />
</a></span></p>
<p style="text-align: center;"><span style="font-size: 18pt; font-family: book antiqua, palatino, serif;">La table ronde du dimanche 9 octobre sera diffusée en direct <a href="https://www.facebook.com/events/3333979216821869" target="_blank" rel="noopener">ici</a></span><img loading="lazy" decoding="async" class="alignnone wp-image-1458" src="https://aion-project.org/blog/wp-content/uploads/2022/10/Programme-1.pptx-1024x576.jpg" alt="" width="838" height="471" srcset="https://aion-project.org/blog/wp-content/uploads/2022/10/Programme-1.pptx-1024x576.jpg 1024w, https://aion-project.org/blog/wp-content/uploads/2022/10/Programme-1.pptx-300x169.jpg 300w, https://aion-project.org/blog/wp-content/uploads/2022/10/Programme-1.pptx-768x432.jpg 768w, https://aion-project.org/blog/wp-content/uploads/2022/10/Programme-1.pptx.jpg 1280w" sizes="auto, (max-width: 838px) 100vw, 838px" /></p>
<p>&nbsp;</p>
<p style="text-align: center;"><span style="font-family: book antiqua, palatino, serif; font-size: 14pt; color: #333399;"><a style="color: #333399;" href="https://aion-project.org/blog/wp-content/uploads/2022/04/FADH-AAC-2022.pdf" target="_blank" rel="noopener">Appel à communications</a></span></p>

<p>Colloque “C&rsquo;était mieux avant ?” Chazey-sur-Ain, 8 et 9 octobre 2022. Coordonné par Noémie Budin Ce colloque est organisé dans le cadre de Fest’Ain d’Histoire, festival historique multi-époque et de l’ANR Aiôn. Le programme détaillé La table ronde du dimanche 9 octobre sera diffusée en direct ici &nbsp; Appel à communications</p>
