{"id":111,"date":"2019-10-01T12:28:53","date_gmt":"2019-10-01T12:28:53","guid":{"rendered":"https:\/\/aion-project.org\/blog\/?page_id=111"},"modified":"2021-07-17T09:24:11","modified_gmt":"2021-07-17T09:24:11","slug":"jeux-sports-et-espaces","status":"publish","type":"page","link":"https:\/\/aion-project.org\/blog\/?page_id=111","title":{"rendered":"Jeux, sports et espaces"},"content":{"rendered":"<p><span style=\"font-family: book antiqua, palatino, serif;\"><\/span><\/p>\r\n<p class=\"has-text-color has-very-dark-gray-color\" style=\"text-align: justify;\"><span style=\"font-family: book antiqua, palatino, serif; font-size: 18pt;\">Ce s\u00e9minaire est le premier du projet Ai\u00f4n et a pour objectif de chercher \u00e0 mieux comprendre comment la notion d\u2019imaginaire participe \u00e0 la construction d&rsquo;exp\u00e9riences ludiques.<\/span><\/p>\r\n<p><span style=\"font-family: book antiqua, palatino, serif; font-size: 18pt;\">\r\n\r\n<\/span><\/p>\r\n<p class=\"has-text-color has-very-dark-gray-color\" style=\"text-align: justify;\"><span style=\"font-family: book antiqua, palatino, serif; font-size: 18pt;\">Les contributions visent \u00e0 interroger les liens qui peuvent \u00eatre tiss\u00e9s entre loisirs, imaginaire et espaces des sports ou des jeux. L\u2019objectif est de r\u00e9pondre \u00e0 la question suivante : comment l\u2019imaginaire de l\u2019espace donne-t-il du sens aux pratiques ludiques et\/ou sportives des acteurs sociaux ?<\/span><\/p>\r\n<p><span style=\"font-family: book antiqua, palatino, serif; font-size: 18pt;\">\r\n\r\n<\/span><\/p>\r\n<p class=\"has-text-color has-very-dark-gray-color\" style=\"text-align: justify;\"><span style=\"font-family: book antiqua, palatino, serif; font-size: 18pt;\">Cette journ\u00e9e est un temps d\u2019\u00e9changes entre chercheurs. Les communications serviront de support \u00e0 la table ronde de l\u2019apr\u00e8s-midi.<\/span><\/p>\r\n<p><span style=\"font-family: book antiqua, palatino, serif; font-size: 18pt;\">\r\n\r\n<\/span><\/p>\r\n<div class=\"wp-block-image\">\r\n<figure class=\"aligncenter\"><span style=\"font-family: book antiqua, palatino, serif; font-size: 18pt;\"><img loading=\"lazy\" decoding=\"async\" width=\"724\" height=\"1024\" class=\"wp-image-118\" src=\"https:\/\/aion-project.org\/blog\/wp-content\/uploads\/2019\/10\/programme-numerique-page001-1-724x1024.png\" alt=\"\" srcset=\"https:\/\/aion-project.org\/blog\/wp-content\/uploads\/2019\/10\/programme-numerique-page001-1-724x1024.png 724w, https:\/\/aion-project.org\/blog\/wp-content\/uploads\/2019\/10\/programme-numerique-page001-1-212x300.png 212w, https:\/\/aion-project.org\/blog\/wp-content\/uploads\/2019\/10\/programme-numerique-page001-1-768x1086.png 768w, https:\/\/aion-project.org\/blog\/wp-content\/uploads\/2019\/10\/programme-numerique-page001-1-400x566.png 400w, https:\/\/aion-project.org\/blog\/wp-content\/uploads\/2019\/10\/programme-numerique-page001-1.png 1488w\" sizes=\"auto, (max-width: 724px) 100vw, 724px\" \/><\/span><\/figure>\r\n<\/div>\r\n<p><span style=\"font-family: book antiqua, palatino, serif; font-size: 18pt;\">\r\n\r\n<\/span><\/p>\r\n<div class=\"wp-block-image\">\r\n<figure class=\"aligncenter\"><span style=\"font-family: book antiqua, palatino, serif; font-size: 18pt;\"><img loading=\"lazy\" decoding=\"async\" width=\"724\" height=\"1024\" class=\"wp-image-128\" src=\"https:\/\/aion-project.org\/blog\/wp-content\/uploads\/2019\/10\/programme-numerique-page003-1-724x1024.jpeg\" alt=\"\" srcset=\"https:\/\/aion-project.org\/blog\/wp-content\/uploads\/2019\/10\/programme-numerique-page003-1-724x1024.jpeg 724w, https:\/\/aion-project.org\/blog\/wp-content\/uploads\/2019\/10\/programme-numerique-page003-1-212x300.jpeg 212w, https:\/\/aion-project.org\/blog\/wp-content\/uploads\/2019\/10\/programme-numerique-page003-1-768x1086.jpeg 768w, https:\/\/aion-project.org\/blog\/wp-content\/uploads\/2019\/10\/programme-numerique-page003-1-400x566.jpeg 400w, https:\/\/aion-project.org\/blog\/wp-content\/uploads\/2019\/10\/programme-numerique-page003-1.jpeg 1364w\" sizes=\"auto, (max-width: 724px) 100vw, 724px\" \/><\/span><\/figure>\r\n<\/div>\r\n<p><span style=\"font-family: book antiqua, palatino, serif;\"><\/span><\/p>","protected":false},"excerpt":{"rendered":"<p>Ce s\u00e9minaire est le premier du projet Ai\u00f4n et a pour objectif de chercher \u00e0 mieux comprendre comment la notion d\u2019imaginaire participe \u00e0 la construction d&rsquo;exp\u00e9riences ludiques. Les contributions visent \u00e0 interroger les liens qui peuvent \u00eatre tiss\u00e9s entre loisirs, imaginaire et espaces des sports ou des jeux. L\u2019objectif est de r\u00e9pondre \u00e0 la question [&hellip;]<\/p>\n","protected":false},"author":1,"featured_media":0,"parent":22,"menu_order":0,"comment_status":"closed","ping_status":"closed","template":"","meta":{"footnotes":""},"class_list":["post-111","page","type-page","status-publish","hentry"],"_links":{"self":[{"href":"https:\/\/aion-project.org\/blog\/index.php?rest_route=\/wp\/v2\/pages\/111","targetHints":{"allow":["GET"]}}],"collection":[{"href":"https:\/\/aion-project.org\/blog\/index.php?rest_route=\/wp\/v2\/pages"}],"about":[{"href":"https:\/\/aion-project.org\/blog\/index.php?rest_route=\/wp\/v2\/types\/page"}],"author":[{"embeddable":true,"href":"https:\/\/aion-project.org\/blog\/index.php?rest_route=\/wp\/v2\/users\/1"}],"replies":[{"embeddable":true,"href":"https:\/\/aion-project.org\/blog\/index.php?rest_route=%2Fwp%2Fv2%2Fcomments&post=111"}],"version-history":[{"count":14,"href":"https:\/\/aion-project.org\/blog\/index.php?rest_route=\/wp\/v2\/pages\/111\/revisions"}],"predecessor-version":[{"id":1209,"href":"https:\/\/aion-project.org\/blog\/index.php?rest_route=\/wp\/v2\/pages\/111\/revisions\/1209"}],"up":[{"embeddable":true,"href":"https:\/\/aion-project.org\/blog\/index.php?rest_route=\/wp\/v2\/pages\/22"}],"wp:attachment":[{"href":"https:\/\/aion-project.org\/blog\/index.php?rest_route=%2Fwp%2Fv2%2Fmedia&parent=111"}],"curies":[{"name":"wp","href":"https:\/\/api.w.org\/{rel}","templated":true}]}}